{"id":506,"date":"2021-10-18T10:22:28","date_gmt":"2021-10-18T10:22:28","guid":{"rendered":"https:\/\/www.ap-dermaestetik.com\/?post_type=product&#038;p=506"},"modified":"2021-10-19T11:18:36","modified_gmt":"2021-10-19T11:18:36","slug":"fresh-eyes","status":"publish","type":"product","link":"https:\/\/www.ap-dermaestetik.com\/?product=fresh-eyes","title":{"rendered":"FRESH EYES 10ml"},"content":{"rendered":"<p><strong>LASTNOSTI<br \/>\n<\/strong>FRESH EYES Roll-on serum za predel okoli o\u010di vsebuje 8 aktivnih u\u010dinkovin ter kratkoveri\u017eno hialuronsko kislino, ki vsaka po svoje pripomorejo k zmanj\u0161anju podo\u010dnjakov, zabuhlosti in gub okoli o\u010di.<br \/>\nGre za izdelek z izjemno sestavo, saj vsebuje kombinacijo dveh signalnih peptidov in izvle\u010dka iz tigrove trave (Centella asiatica), ki zmanj\u0161ajo zabuhlost in podo\u010dnjake. Serum vsebuje tudi izvle\u010dek iz svilnate albicije, ki daje senzacionalen u\u010dinek liftinga in visoko koncentracijo vitamina B3, ki izbolj\u0161uje ko\u017eno bariero\/za\u0161\u010ditno plast ko\u017ee. Serum vsebuje tudi trokserutin, ki je lovilec prostih radikalov in hkrati krepi kapilare. Sestavni del seruma je tudi derivat mentola, ki ustvarja takoj\u0161en ob\u010dutek hlajenja in dolgotrajne sve\u017eine.<span class=\"Apple-converted-space\">\u00a0<\/span><\/p>\n<p><strong>UPORABA<br \/>\n<\/strong>Dvakrat dnevno na \u010dist in suh predel okoli o\u010di nanesite FRESH EYES serum, pri \u010demer pazite, da ne pride v stik z o\u010dmi. Za \u0161e ve\u010dji u\u010dinek priporo\u010damo preko seruma \u0161e nanos LIA C 6\u00ae EYE CREAM.<\/p>\n<p><strong>SESTAVINE<br \/>\n<\/strong><\/p>\n<p>AQUA, NIACINAMIDE, GLYCERIN, BUTYLENE GLYCOL, ALCOHOL, SODIUM HYALURONATE, PENTYLENE GLYCOL, PROPANEDIOL, ALBIZIA JULIBRISSIN BARK EXTRACT, TROXERUTIN, 1,2-HEXANEDIOL, CENTELLA ASIATICA LEAF EXTRACT, MENTHONE GLYCERIN ACETAL, CAPRYLHYDROXAMIC ACID, XANTHAN GUM, ACETYL TETRAPEPTIDE-5, DARUTOSIDE<\/p>\n","protected":false},"excerpt":{"rendered":"<p><strong>Serum za okoli o\u010di<\/strong><\/p>\n<p>FRESH EYES Roll-on serum za predel okoli o\u010di vsebuje 8 aktivnih u\u010dinkovin ter kratkoveri\u017eno hialuronsko kislino, ki vsaka po svoje pripomorejo k zmanj\u0161anju podo\u010dnjakov, zabuhlosti in gub okoli o\u010di.<span class=\"Apple-converted-space\">\u00a0<\/span><\/p>\n","protected":false},"featured_media":507,"comment_status":"closed","ping_status":"closed","template":"","meta":{"site-sidebar-layout":"default","site-content-layout":"default","ast-site-content-layout":"default","site-content-style":"default","site-sidebar-style":"default","ast-global-header-display":"","ast-banner-title-visibility":"","ast-main-header-display":"","ast-hfb-above-header-display":"","ast-hfb-below-header-display":"","ast-hfb-mobile-header-display":"","site-post-title":"","ast-breadcrumbs-content":"","ast-featured-img":"","footer-sml-layout":"","theme-transparent-header-meta":"default","adv-header-id-meta":"","stick-header-meta":"","header-above-stick-meta":"","header-main-stick-meta":"","header-below-stick-meta":"","astra-migrate-meta-layouts":"default","ast-page-background-enabled":"default","ast-page-background-meta":{"desktop":{"background-color":"var(--ast-global-color-4)","background-image":"","background-repeat":"repeat","background-position":"center center","background-size":"auto","background-attachment":"scroll","background-type":"","background-media":"","overlay-type":"","overlay-color":"","overlay-opacity":"","overlay-gradient":""},"tablet":{"background-color":"","background-image":"","background-repeat":"repeat","background-position":"center center","background-size":"auto","background-attachment":"scroll","background-type":"","background-media":"","overlay-type":"","overlay-color":"","overlay-opacity":"","overlay-gradient":""},"mobile":{"background-color":"","background-image":"","background-repeat":"repeat","background-position":"center center","background-size":"auto","background-attachment":"scroll","background-type":"","background-media":"","overlay-type":"","overlay-color":"","overlay-opacity":"","overlay-gradient":""}},"ast-content-background-meta":{"desktop":{"background-color":"var(--ast-global-color-5)","background-image":"","background-repeat":"repeat","background-position":"center center","background-size":"auto","background-attachment":"scroll","background-type":"","background-media":"","overlay-type":"","overlay-color":"","overlay-opacity":"","overlay-gradient":""},"tablet":{"background-color":"var(--ast-global-color-5)","background-image":"","background-repeat":"repeat","background-position":"center center","background-size":"auto","background-attachment":"scroll","background-type":"","background-media":"","overlay-type":"","overlay-color":"","overlay-opacity":"","overlay-gradient":""},"mobile":{"background-color":"var(--ast-global-color-5)","background-image":"","background-repeat":"repeat","background-position":"center center","background-size":"auto","background-attachment":"scroll","background-type":"","background-media":"","overlay-type":"","overlay-color":"","overlay-opacity":"","overlay-gradient":""}}},"product_brand":[],"product_cat":[16],"product_tag":[],"class_list":{"0":"post-506","1":"product","2":"type-product","3":"status-publish","4":"has-post-thumbnail","6":"product_cat-uncategorized","7":"desktop-align-left","8":"tablet-align-left","9":"mobile-align-left","11":"first","12":"instock","13":"taxable","14":"shipping-taxable","15":"purchasable","16":"product-type-simple"},"jetpack_sharing_enabled":true,"_links":{"self":[{"href":"https:\/\/www.ap-dermaestetik.com\/index.php?rest_route=\/wp\/v2\/product\/506","targetHints":{"allow":["GET"]}}],"collection":[{"href":"https:\/\/www.ap-dermaestetik.com\/index.php?rest_route=\/wp\/v2\/product"}],"about":[{"href":"https:\/\/www.ap-dermaestetik.com\/index.php?rest_route=\/wp\/v2\/types\/product"}],"replies":[{"embeddable":true,"href":"https:\/\/www.ap-dermaestetik.com\/index.php?rest_route=%2Fwp%2Fv2%2Fcomments&post=506"}],"wp:featuredmedia":[{"embeddable":true,"href":"https:\/\/www.ap-dermaestetik.com\/index.php?rest_route=\/wp\/v2\/media\/507"}],"wp:attachment":[{"href":"https:\/\/www.ap-dermaestetik.com\/index.php?rest_route=%2Fwp%2Fv2%2Fmedia&parent=506"}],"wp:term":[{"taxonomy":"product_brand","embeddable":true,"href":"https:\/\/www.ap-dermaestetik.com\/index.php?rest_route=%2Fwp%2Fv2%2Fproduct_brand&post=506"},{"taxonomy":"product_cat","embeddable":true,"href":"https:\/\/www.ap-dermaestetik.com\/index.php?rest_route=%2Fwp%2Fv2%2Fproduct_cat&post=506"},{"taxonomy":"product_tag","embeddable":true,"href":"https:\/\/www.ap-dermaestetik.com\/index.php?rest_route=%2Fwp%2Fv2%2Fproduct_tag&post=506"}],"curies":[{"name":"wp","href":"https:\/\/api.w.org\/{rel}","templated":true}]}}