{"id":419,"date":"2021-10-15T07:45:15","date_gmt":"2021-10-15T07:45:15","guid":{"rendered":"https:\/\/www.ap-dermaestetik.com\/?post_type=product&#038;p=419"},"modified":"2022-08-30T09:01:34","modified_gmt":"2022-08-30T09:01:34","slug":"cool-clay-mineral-maske","status":"publish","type":"product","link":"https:\/\/www.ap-dermaestetik.com\/?product=cool-clay-mineral-maske","title":{"rendered":"COOL CLAY MINERAL MASKE 50ml"},"content":{"rendered":"<p><strong>LASTNOSTI<br \/>\n<\/strong><span lang=\"SL\">Hladilna glinena mineralna kremna maska na osnovi LMS izbolj\u0161uje lipidno strukturo ko\u017ee in je posebej primerna za me\u0161ano ko\u017eo. Ko\u017eo u\u010dinkovito navla\u017ei ter zaradi dodatka derivata mentola opazno osve\u017ei in izbolj\u0161a videz por. Ne vsebuje di\u0161av in konzervansov<\/span><\/p>\n<p><strong>UPORABA<br \/>\n<\/strong><span lang=\"SL\">Masko nanesite na o\u010di\u0161\u010deno ko\u017eo in pustite delovati med 20 in 25 minut. Odstranite s kompreso. Hladilni u\u010dinek traja do dve uri.<br \/>\nPriporo\u010damo uporabo enkrat tedensko.<\/span><\/p>\n<p><strong>SESTAVINE<br \/>\n<\/strong><span lang=\"SL\">AQUA, KAOLIN, BUTYROSPERMUM PARKII BUTTER, PROPYLHEPTYL CAPRYLATE, ALCOHOL, GLYCERIN, PENTYLENE GLYCOL, PROPANEDIOL, 1,2-HEXANEDIOL, MENTHONE GLYCERIN ACETAL, HYDROGENATED PHOSPHATIDYLCHOLINE, CAPRYLIC\/CAPRIC TRIGLYCERIDE, HYDROXYETHYLCELLULOSE, ACRYLATES\/VINYL ISODECANOATE CROSSPOLYMER, SODIUM ACRYLATE\/SODIUM ACRYLOYLDIMETHYL TAURATE COPOLYMER, CAPRYLHYDROXAMIC ACID, SQUALANE, CERAMIDE NP<\/span><\/p>\n<p><strong>\u00a0<\/strong><\/p>\n","protected":false},"excerpt":{"rendered":"<p><strong>Hladilna glinena mineralna maska<\/strong><\/p>\n<div><span lang=\"SL\">Hladilna glinena mineralna kremna maska na osnovi LMS izbolj\u0161uje lipidno strukturo ko\u017ee in je posebej primerna za me\u0161ano ko\u017eo. Ko\u017eo u\u010dinkovito navla\u017ei ter opazno osve\u017ei in izbolj\u0161a videz por. <\/span><\/div>\n","protected":false},"featured_media":420,"comment_status":"closed","ping_status":"closed","template":"","meta":{"site-sidebar-layout":"default","site-content-layout":"default","ast-site-content-layout":"default","site-content-style":"default","site-sidebar-style":"default","ast-global-header-display":"","ast-banner-title-visibility":"","ast-main-header-display":"","ast-hfb-above-header-display":"","ast-hfb-below-header-display":"","ast-hfb-mobile-header-display":"","site-post-title":"","ast-breadcrumbs-content":"","ast-featured-img":"","footer-sml-layout":"","theme-transparent-header-meta":"default","adv-header-id-meta":"","stick-header-meta":"","header-above-stick-meta":"","header-main-stick-meta":"","header-below-stick-meta":"","astra-migrate-meta-layouts":"default","ast-page-background-enabled":"default","ast-page-background-meta":{"desktop":{"background-color":"var(--ast-global-color-4)","background-image":"","background-repeat":"repeat","background-position":"center center","background-size":"auto","background-attachment":"scroll","background-type":"","background-media":"","overlay-type":"","overlay-color":"","overlay-opacity":"","overlay-gradient":""},"tablet":{"background-color":"","background-image":"","background-repeat":"repeat","background-position":"center center","background-size":"auto","background-attachment":"scroll","background-type":"","background-media":"","overlay-type":"","overlay-color":"","overlay-opacity":"","overlay-gradient":""},"mobile":{"background-color":"","background-image":"","background-repeat":"repeat","background-position":"center center","background-size":"auto","background-attachment":"scroll","background-type":"","background-media":"","overlay-type":"","overlay-color":"","overlay-opacity":"","overlay-gradient":""}},"ast-content-background-meta":{"desktop":{"background-color":"var(--ast-global-color-5)","background-image":"","background-repeat":"repeat","background-position":"center center","background-size":"auto","background-attachment":"scroll","background-type":"","background-media":"","overlay-type":"","overlay-color":"","overlay-opacity":"","overlay-gradient":""},"tablet":{"background-color":"var(--ast-global-color-5)","background-image":"","background-repeat":"repeat","background-position":"center center","background-size":"auto","background-attachment":"scroll","background-type":"","background-media":"","overlay-type":"","overlay-color":"","overlay-opacity":"","overlay-gradient":""},"mobile":{"background-color":"var(--ast-global-color-5)","background-image":"","background-repeat":"repeat","background-position":"center center","background-size":"auto","background-attachment":"scroll","background-type":"","background-media":"","overlay-type":"","overlay-color":"","overlay-opacity":"","overlay-gradient":""}}},"product_brand":[],"product_cat":[67],"product_tag":[],"class_list":{"0":"post-419","1":"product","2":"type-product","3":"status-publish","4":"has-post-thumbnail","6":"product_cat-maske","7":"desktop-align-left","8":"tablet-align-left","9":"mobile-align-left","11":"first","12":"instock","13":"taxable","14":"shipping-taxable","15":"purchasable","16":"product-type-simple"},"jetpack_sharing_enabled":true,"_links":{"self":[{"href":"https:\/\/www.ap-dermaestetik.com\/index.php?rest_route=\/wp\/v2\/product\/419","targetHints":{"allow":["GET"]}}],"collection":[{"href":"https:\/\/www.ap-dermaestetik.com\/index.php?rest_route=\/wp\/v2\/product"}],"about":[{"href":"https:\/\/www.ap-dermaestetik.com\/index.php?rest_route=\/wp\/v2\/types\/product"}],"replies":[{"embeddable":true,"href":"https:\/\/www.ap-dermaestetik.com\/index.php?rest_route=%2Fwp%2Fv2%2Fcomments&post=419"}],"wp:featuredmedia":[{"embeddable":true,"href":"https:\/\/www.ap-dermaestetik.com\/index.php?rest_route=\/wp\/v2\/media\/420"}],"wp:attachment":[{"href":"https:\/\/www.ap-dermaestetik.com\/index.php?rest_route=%2Fwp%2Fv2%2Fmedia&parent=419"}],"wp:term":[{"taxonomy":"product_brand","embeddable":true,"href":"https:\/\/www.ap-dermaestetik.com\/index.php?rest_route=%2Fwp%2Fv2%2Fproduct_brand&post=419"},{"taxonomy":"product_cat","embeddable":true,"href":"https:\/\/www.ap-dermaestetik.com\/index.php?rest_route=%2Fwp%2Fv2%2Fproduct_cat&post=419"},{"taxonomy":"product_tag","embeddable":true,"href":"https:\/\/www.ap-dermaestetik.com\/index.php?rest_route=%2Fwp%2Fv2%2Fproduct_tag&post=419"}],"curies":[{"name":"wp","href":"https:\/\/api.w.org\/{rel}","templated":true}]}}