{"id":3745,"date":"2023-02-21T12:13:05","date_gmt":"2023-02-21T11:13:05","guid":{"rendered":"https:\/\/www.ap-dermaestetik.com\/?post_type=product&#038;p=3745"},"modified":"2025-01-13T02:06:12","modified_gmt":"2025-01-13T01:06:12","slug":"hya-4-pink-giant","status":"publish","type":"product","link":"https:\/\/www.ap-dermaestetik.com\/?product=hya-4-pink-giant","title":{"rendered":"HYA 4 PINK GIANT"},"content":{"rendered":"<p><strong>LASTNOSTI<br \/>\n<\/strong><\/p>\n<p>HYA 4 PINK GIANT je lahek gel na hialuronski osnovi, namenjen pomiritvi kroni\u010dno suhe ko\u017ee.<\/p>\n<p>Osnova je hialuronska kislina s \u0161tirimi razli\u010dnimi dol\u017einami verig. Zlasti za kratkoveri\u017ene hialuronske kisline je znano, da aktivirajo \u0161tevilne presnovne procese v ko\u017ei, delujejo kot mo\u010dan lovilec prostih radikalov in spodbujajo tvorbo kolagena ter tako u\u010dvrstijo ko\u017eo.<\/p>\n<p>Vitamin B3 ima \u0161tevilne pozitivne u\u010dinke: med drugim krepi lipidno bariero ko\u017ee ter deluje proti po\u0161kodbam ko\u017ee in motnjam pigmentacije, ki nastanejo zaradi UV sevanja.<\/p>\n<p>Vitamin B12 zelo u\u010dinkovito prepre\u010duje suho ko\u017eo, v kombinaciji s \u0161tirikratno hialuronsko kislino pa tvori optimalen vla\u017eilni faktor. Poleg tega vitamin B12 deluje bla\u017eilno na \u0161tevilne vnetne faktorje in krepi lastno bakterijsko floro ko\u017ee.<\/p>\n<p><strong>UPORABA<br \/>\n<\/strong><\/p>\n<p class=\"p1\">Gel nanesite na \u010disto in suho ko\u017eo in po\u010dakajte, da se vpije. Nato po potrebi nanesite \u0161e ustrezno kremo LIA C 6\u00ae.<\/p>\n<p><strong>SESTAVINE<br \/>\n<\/strong><\/p>\n<p class=\"p1\">AQUA, NIACINAMIDE, SODIUM HYALURONATE, PENTYLENE GLYCOL, PROPANEDIOL, 1,2-HEXANEDIOL, CYANCOBALAMIN, CAPRYLHYDROXAMIC ACID, GLYCERIN, BIOSACCHARIDE GUM-1, SODIUM LEVULINATE, GLYCERYL CAPRYLATE, SODIUM ANISATE<\/p>\n","protected":false},"excerpt":{"rendered":"<p>Serum z vitaminoma B3 in B12 za pomiritev kroni\u010dno suhe ko\u017ee<\/p>\n","protected":false},"featured_media":3766,"comment_status":"open","ping_status":"closed","template":"","meta":{"site-sidebar-layout":"default","site-content-layout":"default","ast-site-content-layout":"default","site-content-style":"default","site-sidebar-style":"default","ast-global-header-display":"","ast-banner-title-visibility":"","ast-main-header-display":"","ast-hfb-above-header-display":"","ast-hfb-below-header-display":"","ast-hfb-mobile-header-display":"","site-post-title":"","ast-breadcrumbs-content":"","ast-featured-img":"","footer-sml-layout":"","theme-transparent-header-meta":"default","adv-header-id-meta":"","stick-header-meta":"","header-above-stick-meta":"","header-main-stick-meta":"","header-below-stick-meta":"","astra-migrate-meta-layouts":"default","ast-page-background-enabled":"default","ast-page-background-meta":{"desktop":{"background-color":"var(--ast-global-color-4)","background-image":"","background-repeat":"repeat","background-position":"center center","background-size":"auto","background-attachment":"scroll","background-type":"","background-media":"","overlay-type":"","overlay-color":"","overlay-opacity":"","overlay-gradient":""},"tablet":{"background-color":"","background-image":"","background-repeat":"repeat","background-position":"center center","background-size":"auto","background-attachment":"scroll","background-type":"","background-media":"","overlay-type":"","overlay-color":"","overlay-opacity":"","overlay-gradient":""},"mobile":{"background-color":"","background-image":"","background-repeat":"repeat","background-position":"center center","background-size":"auto","background-attachment":"scroll","background-type":"","background-media":"","overlay-type":"","overlay-color":"","overlay-opacity":"","overlay-gradient":""}},"ast-content-background-meta":{"desktop":{"background-color":"var(--ast-global-color-5)","background-image":"","background-repeat":"repeat","background-position":"center center","background-size":"auto","background-attachment":"scroll","background-type":"","background-media":"","overlay-type":"","overlay-color":"","overlay-opacity":"","overlay-gradient":""},"tablet":{"background-color":"var(--ast-global-color-5)","background-image":"","background-repeat":"repeat","background-position":"center center","background-size":"auto","background-attachment":"scroll","background-type":"","background-media":"","overlay-type":"","overlay-color":"","overlay-opacity":"","overlay-gradient":""},"mobile":{"background-color":"var(--ast-global-color-5)","background-image":"","background-repeat":"repeat","background-position":"center center","background-size":"auto","background-attachment":"scroll","background-type":"","background-media":"","overlay-type":"","overlay-color":"","overlay-opacity":"","overlay-gradient":""}}},"product_brand":[],"product_cat":[16],"product_tag":[],"class_list":{"0":"post-3745","1":"product","2":"type-product","3":"status-publish","4":"has-post-thumbnail","6":"product_cat-uncategorized","7":"pa_pakiranje-5-ml","8":"pa_pakiranje-30ml","9":"desktop-align-left","10":"tablet-align-left","11":"mobile-align-left","13":"first","14":"instock","15":"taxable","16":"shipping-taxable","17":"purchasable","18":"product-type-variable"},"jetpack_sharing_enabled":true,"_links":{"self":[{"href":"https:\/\/www.ap-dermaestetik.com\/index.php?rest_route=\/wp\/v2\/product\/3745","targetHints":{"allow":["GET"]}}],"collection":[{"href":"https:\/\/www.ap-dermaestetik.com\/index.php?rest_route=\/wp\/v2\/product"}],"about":[{"href":"https:\/\/www.ap-dermaestetik.com\/index.php?rest_route=\/wp\/v2\/types\/product"}],"replies":[{"embeddable":true,"href":"https:\/\/www.ap-dermaestetik.com\/index.php?rest_route=%2Fwp%2Fv2%2Fcomments&post=3745"}],"wp:featuredmedia":[{"embeddable":true,"href":"https:\/\/www.ap-dermaestetik.com\/index.php?rest_route=\/wp\/v2\/media\/3766"}],"wp:attachment":[{"href":"https:\/\/www.ap-dermaestetik.com\/index.php?rest_route=%2Fwp%2Fv2%2Fmedia&parent=3745"}],"wp:term":[{"taxonomy":"product_brand","embeddable":true,"href":"https:\/\/www.ap-dermaestetik.com\/index.php?rest_route=%2Fwp%2Fv2%2Fproduct_brand&post=3745"},{"taxonomy":"product_cat","embeddable":true,"href":"https:\/\/www.ap-dermaestetik.com\/index.php?rest_route=%2Fwp%2Fv2%2Fproduct_cat&post=3745"},{"taxonomy":"product_tag","embeddable":true,"href":"https:\/\/www.ap-dermaestetik.com\/index.php?rest_route=%2Fwp%2Fv2%2Fproduct_tag&post=3745"}],"curies":[{"name":"wp","href":"https:\/\/api.w.org\/{rel}","templated":true}]}}