{"id":2907,"date":"2022-07-13T10:31:33","date_gmt":"2022-07-13T10:31:33","guid":{"rendered":"https:\/\/www.ap-dermaestetik.com\/?post_type=product&#038;p=2907"},"modified":"2022-10-24T07:00:55","modified_gmt":"2022-10-24T05:00:55","slug":"2907","status":"publish","type":"product","link":"https:\/\/www.ap-dermaestetik.com\/?product=2907","title":{"rendered":"LIA C 6\u00ae BIOME SOOTHING CREAM"},"content":{"rendered":"<p><strong>LASTNOSTI<br \/>\n<\/strong><\/p>\n<p>LIA C 6\u00ae BIOME SOOTHING CREAM je krema brez di\u0161av za ob\u010dutljivo, zelo\u00a0 ob\u010dutljivo in razdra\u017eeno ko\u017eo na osnovi ogrodnega sistema lipidov LMS. Vsebuje tudi \u00bbaktivator mikrobioma\u00ab (INCI: LACTOBACILLUS FERMENT), in tako vzpodbuja razmno\u017eevanje \u00bbdobrih\u00ab mikroorganizmov na ko\u017ei in zavira \u00bbslabe\u00ab. Mikrobiom je skupnost mikroorganizmov, ki tvorijo za\u0161\u010ditno pregrado in nas \u0161\u010ditijo pred patogenimi mikroorganizmi, hkrati pa podpirajo delovanje imunskega sistema. Krema vsebuje kombinacijo treh UV-filtrov, ki so z visokotla\u010dnim<br \/>\nhomogeniziranjem vpeti v LMS, in lovilec radikalov HDBM uspe\u0161no zavira fotostaranje ko\u017ee. Je brez emulgatorjev, brez konzervansov, brez kortikosteroidov in brez drugih, za ko\u017eo nepotrebnih sestavin, zato je primerna tudi za ob\u010dutljivo ko\u017eo.<br \/>\nKako bo LIA C 6\u00ae BIOME SOOTHING CREAM pomagala va\u0161i ko\u017ei?<br \/>\n&#8211; \u00bbAktivatorja mikrobioma\u00ab (INCI: LACTOBACILLUS FERMENT) zagotavlja bolj\u0161o in u\u010dinkovitej\u0161o kolonizacijo ko\u017ee z \u00bbdobrimi\u00ab mikroorganizmi, zato je: ko\u017ea bolj navla\u017eena, postane odpornej\u0161a in nas bolje \u0161\u010diti pred vdorom mikroorganizmov iz okolja, ko\u017ena bariera se okrepi in mikrobiom ko\u017ee postane spet raznovrsten, uravnote\u017een in v ravnovesju s ko\u017eo.<br \/>\n&#8211; Skoraj popolna za\u0161\u010dita pred staranjem ko\u017ee zaradi vpliva svetlobe zaradi kombinacije treh UV-filtrov, vpetih v kremno osnovo LMS s posebnim postopkom visokotla\u010dnega homogeniziranja, zaradi katerega UV- filtri ostanejo v poro\u017eeneli plasti povrhnjice in ne prodrejo globje v ko\u017eo kot pri kremah z emulgatorji in zato nudijo u\u010dinkovitej\u0161o za\u0161\u010dito, ter\u00a0\u00bbpametnega\u00ab lovilca radikalov HDBM.<br \/>\n&#8211; Ogrodni sistem lipidov LMS krepi in obnavlja ko\u017eno bariero, zato \u0161\u010diti pred zunanjimi vplivi in izgubo vlage.<br \/>\n&#8211; Za\u0161\u010dita UV-B SPF 6 (pribl. 85-odstotna) zadostuje za normalno dnevno izpostavljanje dnevni svetlobi, a hkrati omogo\u010da nastajanje vitamina D v ko\u017ei.<br \/>\n&#8211; Izvle\u010dek bosvelije u\u010dinkuje protivnetno.<br \/>\n&#8211; Olje iz semen oslada pomaga prepre\u010devati razgradnjo kolagena.<br \/>\n&#8211; Niacinamid je oblika niacida (vitamina B3), ki intenzivno pomirja ko\u017eo, zmanj\u0161uje rde\u010dico spodbuja tvorbo kolagen.<br \/>\n&#8211; Olje skvalan obnavlja elasti\u010dne lastnosti ko\u017ee.<br \/>\n&#8211; Ker nima di\u0161av, je primerna tudi za najob\u010dutljivej\u0161o ko\u017eo.<br \/>\n&#8211; Ker je namenjena ob\u010dutljivi in razdra\u017eeni ko\u017ei, ima visoko vsebnost lipidov (pribl. 29,5 %).<br \/>\n&#8211; Zaradi edinstvene kombinacije sestavin se ko\u017ea v enem letu postara, kot bi se sicer v povpre\u010dju v \u0161estih mesecih.<\/p>\n<p><strong>UPORABA<br \/>\n<\/strong><\/p>\n<p class=\"p1\">LMS NIGHT CREAM RETIN LIA C 6\u00ae NIGHT CREAM nanesite na \u010dist in suh obraz (tudi na vrat in dekolte). Za optimalno nego in ve\u010dji u\u010dinek nanesite pred nanosom kreme izbrani hialuronski gel HYA 4 ali enega od serumov. O optimalni izbiri primerne kreme za va\u0161 tip ko\u017ee se posvetujte s \u0161olanim strokovnjakom.<\/p>\n<p><strong>SESTAVINE<br \/>\n<\/strong><\/p>\n<p class=\"p1\">AQUA, CAPRYLIC\/CAPRIC TRIGLYCERIDE, GLYCERIN, PROPYLHEPTYL CAPRYLATE, NIACINAMIDE, DIISOPROPYL ADIPATE, BUTYROSPERMUM PARKII BUTTER, SIMMONDSIA CHINENSIS SEED OIL, BUTYLENE, GLYCOL, HYDROGENATED PHOSPHATIDYLCHOLINE, PENTYLENE GLYCOL, BIS-ETHYLHEXYL HYDROXYDIMETHOXY BENZYLMALONATE, PROPANEDIOL, PARFUM, 1,2-HEXANEDIOL, STEARYL GLYCYRRHETINATE, SQUALANE, TOCOPHERYL ACETATE, SODIUM ACRYLATE\/SODIUM ACRYLOYLDIMETHYL TAURATE COPOLYMER, HYDROXYPINACOLONE RETINOATE, ACRYLATES\/VINYL ISODECANOATE CROSSPOLYMER, CAPRYLHYDROXAMIC ACID, LINALOOL, LIMONENE, CARBOMER, HYDROXYETHYLCELLULOSE, ACETYL DIPEPTIDE-1 CETYL ESTER, CERAMIDE NP, TOCOPHEROL, GLYCINE SOJA OIL, CITRONELLOL, GERANIOL, PALMITOYL TRIPEPTIDE-1, PALMITOYL TETRAPEPTIDE-7<\/p>\n","protected":false},"excerpt":{"rendered":"<ul class=\"elementor-icon-list-items elementor-inline-items\">\n<li class=\"elementor-icon-list-item elementor-inline-item\"><span class=\"elementor-icon-list-text\">UVA za\u0161\u010dita<\/span><\/li>\n<li class=\"elementor-icon-list-item elementor-inline-item\"><i class=\"fas fa-check-circle\" aria-hidden=\"true\"><\/i><span class=\"elementor-icon-list-text\">Brez kortikosteroidov<\/span><\/li>\n<li class=\"elementor-icon-list-item elementor-inline-item\"><i class=\"fas fa-check-circle\" aria-hidden=\"true\"><\/i><span class=\"elementor-icon-list-text\">Brez emulgatorjev<\/span><\/li>\n<li class=\"elementor-icon-list-item elementor-inline-item\"><i class=\"fas fa-check-circle\" aria-hidden=\"true\"><\/i><span class=\"elementor-icon-list-text\">Brez konzervansov<\/span><\/li>\n<li class=\"elementor-icon-list-item elementor-inline-item\"><i class=\"fas fa-check-circle\" aria-hidden=\"true\"><\/i><span class=\"elementor-icon-list-text\">Suha ko\u017ea<\/span><\/li>\n<li class=\"elementor-icon-list-item elementor-inline-item\"><i class=\"fas fa-check-circle\" aria-hidden=\"true\"><\/i><span class=\"elementor-icon-list-text\">Zelo ob\u010dutljiva in razdra\u017eeva ko\u017ea<\/span><\/li>\n<li class=\"elementor-icon-list-item elementor-inline-item\"><i class=\"fas fa-check-circle\" aria-hidden=\"true\"><\/i><span class=\"elementor-icon-list-text\">Brez di\u0161av<\/span><\/li>\n<li class=\"elementor-icon-list-item elementor-inline-item\"><i class=\"fas fa-check-circle\" aria-hidden=\"true\"><\/i><span class=\"elementor-icon-list-text\">Atopijski dermatitis<\/span><\/li>\n<\/ul>\n<p>&nbsp;<\/p>\n<p><strong>LIA C 6\u00ae BIOME SOOTHING CREAM<\/strong> je krema brez di\u0161av za ob\u010dutljivo, zelo ob\u010dutljivo in razdra\u017eeno ko\u017eo. Na\u0161 najnovej\u0161i izdelek, vsebuje inovativno sestavino, \u00bbaktivator mikrobioma\u00ab (INCI: LACTOBACILLUS FERMENT), ki vzpodbuja razmno\u017eevanje \u00bbdobrih\u00ab mikroorganizmov na ko\u017ei in zavira \u00bbslabe\u00ab. Mikrobiom je skupnost mikroorganizmov, ki tvorijo za\u0161\u010ditno pregrado in nas \u0161\u010ditijo pred patogenimi mikroorganizmi, hkrati pa podpirajo delovanje imunskega sistema. Tako kot druge kreme LIA temelji na ogrodnem sistemu lipidov LMS (z visoko vsebnost jolipidov (pribl. 29,5 %), ki v kombinaciji s tremi UV-filtri in lovilcem radikalov HDBM uspe\u0161no zavira fotostaranje ko\u017ee. Sistem LMS ko\u017eo skupaj z \u00bbaktivatorjem mikrobioma\u00ab ko\u017eo obnavlja, \u0161\u010diti in krepi.<\/p>\n<p>&nbsp;<\/p>\n","protected":false},"featured_media":3422,"comment_status":"open","ping_status":"closed","template":"","meta":{"site-sidebar-layout":"default","site-content-layout":"default","ast-site-content-layout":"default","site-content-style":"default","site-sidebar-style":"default","ast-global-header-display":"","ast-banner-title-visibility":"","ast-main-header-display":"","ast-hfb-above-header-display":"","ast-hfb-below-header-display":"","ast-hfb-mobile-header-display":"","site-post-title":"","ast-breadcrumbs-content":"","ast-featured-img":"","footer-sml-layout":"","theme-transparent-header-meta":"default","adv-header-id-meta":"","stick-header-meta":"","header-above-stick-meta":"","header-main-stick-meta":"","header-below-stick-meta":"","astra-migrate-meta-layouts":"default","ast-page-background-enabled":"default","ast-page-background-meta":{"desktop":{"background-color":"var(--ast-global-color-4)","background-image":"","background-repeat":"repeat","background-position":"center center","background-size":"auto","background-attachment":"scroll","background-type":"","background-media":"","overlay-type":"","overlay-color":"","overlay-opacity":"","overlay-gradient":""},"tablet":{"background-color":"","background-image":"","background-repeat":"repeat","background-position":"center center","background-size":"auto","background-attachment":"scroll","background-type":"","background-media":"","overlay-type":"","overlay-color":"","overlay-opacity":"","overlay-gradient":""},"mobile":{"background-color":"","background-image":"","background-repeat":"repeat","background-position":"center center","background-size":"auto","background-attachment":"scroll","background-type":"","background-media":"","overlay-type":"","overlay-color":"","overlay-opacity":"","overlay-gradient":""}},"ast-content-background-meta":{"desktop":{"background-color":"var(--ast-global-color-5)","background-image":"","background-repeat":"repeat","background-position":"center center","background-size":"auto","background-attachment":"scroll","background-type":"","background-media":"","overlay-type":"","overlay-color":"","overlay-opacity":"","overlay-gradient":""},"tablet":{"background-color":"var(--ast-global-color-5)","background-image":"","background-repeat":"repeat","background-position":"center center","background-size":"auto","background-attachment":"scroll","background-type":"","background-media":"","overlay-type":"","overlay-color":"","overlay-opacity":"","overlay-gradient":""},"mobile":{"background-color":"var(--ast-global-color-5)","background-image":"","background-repeat":"repeat","background-position":"center center","background-size":"auto","background-attachment":"scroll","background-type":"","background-media":"","overlay-type":"","overlay-color":"","overlay-opacity":"","overlay-gradient":""}}},"product_brand":[],"product_cat":[16],"product_tag":[],"class_list":{"0":"post-2907","1":"product","2":"type-product","3":"status-publish","4":"has-post-thumbnail","6":"product_cat-uncategorized","7":"pa_pakiranje-15ml","8":"pa_pakiranje-100ml","9":"desktop-align-left","10":"tablet-align-left","11":"mobile-align-left","13":"first","14":"instock","15":"featured","16":"taxable","17":"shipping-taxable","18":"purchasable","19":"product-type-variable","20":"has-default-attributes"},"jetpack_sharing_enabled":true,"_links":{"self":[{"href":"https:\/\/www.ap-dermaestetik.com\/index.php?rest_route=\/wp\/v2\/product\/2907","targetHints":{"allow":["GET"]}}],"collection":[{"href":"https:\/\/www.ap-dermaestetik.com\/index.php?rest_route=\/wp\/v2\/product"}],"about":[{"href":"https:\/\/www.ap-dermaestetik.com\/index.php?rest_route=\/wp\/v2\/types\/product"}],"replies":[{"embeddable":true,"href":"https:\/\/www.ap-dermaestetik.com\/index.php?rest_route=%2Fwp%2Fv2%2Fcomments&post=2907"}],"wp:featuredmedia":[{"embeddable":true,"href":"https:\/\/www.ap-dermaestetik.com\/index.php?rest_route=\/wp\/v2\/media\/3422"}],"wp:attachment":[{"href":"https:\/\/www.ap-dermaestetik.com\/index.php?rest_route=%2Fwp%2Fv2%2Fmedia&parent=2907"}],"wp:term":[{"taxonomy":"product_brand","embeddable":true,"href":"https:\/\/www.ap-dermaestetik.com\/index.php?rest_route=%2Fwp%2Fv2%2Fproduct_brand&post=2907"},{"taxonomy":"product_cat","embeddable":true,"href":"https:\/\/www.ap-dermaestetik.com\/index.php?rest_route=%2Fwp%2Fv2%2Fproduct_cat&post=2907"},{"taxonomy":"product_tag","embeddable":true,"href":"https:\/\/www.ap-dermaestetik.com\/index.php?rest_route=%2Fwp%2Fv2%2Fproduct_tag&post=2907"}],"curies":[{"name":"wp","href":"https:\/\/api.w.org\/{rel}","templated":true}]}}