{"id":1913,"date":"2022-03-16T10:44:17","date_gmt":"2022-03-16T09:44:17","guid":{"rendered":"https:\/\/www.ap-dermaestetik.com\/?post_type=product&#038;p=1913"},"modified":"2023-02-19T20:42:38","modified_gmt":"2023-02-19T19:42:38","slug":"novelius-medical-hidrokolagen","status":"publish","type":"product","link":"https:\/\/www.ap-dermaestetik.com\/?product=novelius-medical-hidrokolagen","title":{"rendered":"Novelius Medical hidrokolagen"},"content":{"rendered":"<p><strong>LASTNOSTI:<br \/>\n<\/strong><\/p>\n<p>Novelius Medical Hydrocollagen je produkt, ki je nastal kot plod dolgoletnih izku\u0161enj in znanja dermatologov ter nutricionistov, zdru\u017eenih s tehnologijo vodilnega francoskega laboratorija na podro\u010dju kolagenskih peptidov.<\/p>\n<p>Hidrokolagen je sestavljen iz izbranih kolagenskih peptidov najvi\u0161jega razreda kakovosti, ki so tako obdelani, da se v \u017eelodcu ne razgrajujejo \u0161e dodatno, ampak se 98% vsebnosti nedotaknjeno absorbira v krvni obtok in s tem v ciljna tkiva (kosti, vezivna tkiva, nohte, lase, ko\u017eo&#8230;). Dodatno je obogaten z optimalnim razmerjem koncentratov aminokislin, ki so klju\u010dne, da telo samo za\u010dne proizvajati nov kolagen.<\/p>\n<p>Glicin, hidroksiprolin in hidroksilizin, ki so glavni gradniki kolagena v telesu, predstavljajo ve\u010dinski dele\u017e vsebnosti aminokislin v hidrokolagenu, koncentracija le-teh pa je do 20-krat vi\u0161ja kot v drugih virih proteinov.<\/p>\n<p>Hidrokolagen je bogat vir kolagenskih peptidov, ki stimulirajo fibroblaste za proizvodnjo novega kolagena. S pove\u010devanjem kolagena v ko\u017ei prihaja do debeljenja ko\u017ee in s tem zmanj\u0161evanja gub. Kolagenski peptidi pa hkrati pove\u010dujejo izdelovanje hialuronske kisline v telesu, kar vpliva na hidratnost ko\u017ee.<\/p>\n<p>Vsak izmed peptidov v hidrokolagenu je pod 2000 Daltonov (ne pa povpre\u010dna vrednost), kar zagotovlja 98% absorbcijo.<\/p>\n<div class=\"page\" title=\"Page 1\">\n<div class=\"section\">\n<div class=\"layoutArea\">\n<div class=\"column\">\n<div class=\"page\" title=\"Page 1\">\n<div class=\"layoutArea\">\n<div class=\"column\">\n<div class=\"page\" title=\"Page 1\">\n<div class=\"layoutArea\">\n<div class=\"column\">\n<p><strong>NAVODILA:<\/strong><\/p>\n<p>Priporo\u010damo u\u017eivanje Novelius Medical Hydrocollagena najmanj od 3 do 6 mesecev. To je \u010das, ki je potreben za obnovo celic in s tem doseganje vidnih rezultatov. Stranskih u\u010dinkov ni, zato obdobje u\u017eivanja ni omejeno.<\/p>\n<p><strong>NA\u010cIN DELOVANJA:<\/strong><\/p>\n<p>Dokazano je, da hidrokolagen pove\u010duje gostoto fibroblastov in volumen kolagenskih vlaken v dermisu. Kolagenski peptidi delujejo kot pro\u017eilci za sintezo novih in reorganizacijo \u017ee obstoje\u010dih kolagenskih vlaken s stimulacijo fibroblastnih celic. Klini\u010dna \u0161tudija, ki jo je izdelal Rousellout, potrjuje, da Novelius Medical Hydrocollagen zagotavlja izena\u010denost volumna vlaken in pove\u010duje pro\u017enost zaradi bolj\u0161e kohezije kolagenskih vlaken.<\/p>\n<p><strong style=\"font-size: 16px; font-family: -apple-system, BlinkMacSystemFont, 'Segoe UI', Roboto, Oxygen-Sans, Ubuntu, Cantarell, 'Helvetica Neue', sans-serif;\">U\u010cINKI\u00a0 DELOVANJA :<\/strong><\/p>\n<\/div>\n<\/div>\n<\/div>\n<\/div>\n<\/div>\n<\/div>\n<\/div>\n<\/div>\n<\/div>\n<\/div>\n<div class=\"page\" title=\"Page 2\">\n<div class=\"layoutArea\">\n<div class=\"column\">\n<p><span style=\"font-size: 16px; font-family: -apple-system, BlinkMacSystemFont, 'Segoe UI', Roboto, Oxygen-Sans, Ubuntu, Cantarell, 'Helvetica Neue', sans-serif;\">Za Novelius Medical Hydrocollagen je klini\u010dno dokazano, da:<\/span><\/p>\n<div class=\"page\" title=\"Page 1\">\n<div class=\"section\">\n<div class=\"layoutArea\">\n<div class=\"page\" title=\"Page 1\">\n<div class=\"section\">\n<div class=\"layoutArea\">\n<div class=\"column\">\n<div class=\"page\" title=\"Page 1\">\n<div class=\"layoutArea\">\n<div class=\"column\">\n<ul>\n<li>Izbolj\u0161uje vla\u017enost ko\u017ee<\/li>\n<li>Prispeva k bolj gladki ko\u017ei, saj zmanj\u0161uje \u0161tevilo mikro reliefnih brazd<\/li>\n<li>Prepre\u010duje nastajanje globokih gub<\/li>\n<li>Izbolj\u0161a pro\u017enost ko\u017ee<\/li>\n<\/ul>\n<div class=\"page\" title=\"Page 1\">\n<div class=\"section\">\n<div class=\"layoutArea\">\n<div class=\"column\">\n<div class=\"page\" title=\"Page 1\">\n<div class=\"layoutArea\">\n<div class=\"column\">\n<div class=\"page\" title=\"Page 1\">\n<div class=\"layoutArea\">\n<div class=\"column\">\n<p><strong>OPOZORILA:<\/strong><\/p>\n<p>Priporo\u010dene dnevne koli\u010dine oziroma odmerka se ne sme prekora\u010diti! Prehransko dopolnilo ni nadomestilo za uravnote\u017eeno in raznovrstno prehrano ter zdrav na\u010din \u017eivljenja. Prehransko dopolnilo shranjujte nedosegljivo otrokom! Shranjujte v suhem prostoru in na temperaturi do 25\u00ba C.<\/p>\n<\/div>\n<\/div>\n<\/div>\n<\/div>\n<\/div>\n<\/div>\n<\/div>\n<\/div>\n<\/div>\n<\/div>\n<div class=\"page\" title=\"Page 2\">\n<div class=\"layoutArea\">\n<div class=\"column\">\n<p><strong>U\u010cINEK PREHRANSKEGA DOPOLNILA:\u00a0<\/strong><\/p>\n<div class=\"page\" title=\"Page 1\">\n<div class=\"section\">\n<div class=\"layoutArea\">\n<div class=\"page\" title=\"Page 1\">\n<div class=\"section\">\n<div class=\"layoutArea\">\n<div class=\"column\">\n<div class=\"page\" title=\"Page 1\">\n<div class=\"layoutArea\">\n<div class=\"column\">\n<ul>\n<li>\u00a0izbolj\u0161a vla\u017enost in elasti\u010dnost ko\u017ee<\/li>\n<li>\u00a0prepre\u010duje nastanek globokih gub in mikroreliefnih brazd<\/li>\n<li>prispeva k bolj gladki ko\u017ei<\/li>\n<li>izbolj\u0161a gostoto in \u010dvrstost las<\/li>\n<li>ohranja mo\u010dne in odporne nohte<\/li>\n<li>\u0161\u010diti in neguje sklepe, kosti in hrustanec<\/li>\n<li>blagodejno deluje na \u010drevesje<\/li>\n<li>podpira pro\u017enost krvnih \u017eil<\/li>\n<li>pomaga pri celjenju ran<\/li>\n<li>je neprecenljiv vir aminokislin za \u0161portnike, saj pomaga pri regeneraciji mi\u0161ic<\/li>\n<\/ul>\n<p><strong>OSTALE LASTNOSTI:\u00a0<\/strong><\/p>\n<ul>\n<li>\u00a0Pove\u010duje proizvodnjo kolagena v telesu<\/li>\n<li>U\u010dinkovito upo\u010dasnjuje staranje ko\u017ee<\/li>\n<li>\u0160\u010diti in neguje sklepe, kosti in hrustanec<\/li>\n<li>Vpliva na koli\u010dino in gostoto las ter strukturo nohtov<\/li>\n<li>\u00a0Pomaga pri celjenju ran, kosti, sklepov, ko\u017ee.<\/li>\n<li>Pomaga pri razli\u010dnih ko\u017enih te\u017eavah<\/li>\n<li>Je neprecenljiv vir aminokislin za \u0161portnike, ker vpliva na prepre\u010devanje mi\u0161i\u010dnega stresa.<\/li>\n<\/ul>\n<\/div>\n<\/div>\n<\/div>\n<\/div>\n<\/div>\n<\/div>\n<\/div>\n<\/div>\n<\/div>\n<\/div>\n<\/div>\n<\/div>\n<\/div>\n<\/div>\n<\/div>\n<\/div>\n<\/div>\n<\/div>\n<\/div>\n<\/div>\n<\/div>\n<\/div>\n<\/div>\n<\/div>\n<\/div>\n<\/div>\n","protected":false},"excerpt":{"rendered":"<p>Novelius Medical hidrokolagen je plod dolgoletnih izku\u0161enj dermatologov in vodilnega francoskega laboratorija na podro\u010dju kolagenskih peptidov.<\/p>\n","protected":false},"featured_media":2115,"comment_status":"open","ping_status":"closed","template":"","meta":{"site-sidebar-layout":"default","site-content-layout":"default","ast-site-content-layout":"default","site-content-style":"default","site-sidebar-style":"default","ast-global-header-display":"","ast-banner-title-visibility":"","ast-main-header-display":"","ast-hfb-above-header-display":"","ast-hfb-below-header-display":"","ast-hfb-mobile-header-display":"","site-post-title":"","ast-breadcrumbs-content":"","ast-featured-img":"","footer-sml-layout":"","theme-transparent-header-meta":"default","adv-header-id-meta":"","stick-header-meta":"","header-above-stick-meta":"","header-main-stick-meta":"","header-below-stick-meta":"","astra-migrate-meta-layouts":"default","ast-page-background-enabled":"default","ast-page-background-meta":{"desktop":{"background-color":"var(--ast-global-color-4)","background-image":"","background-repeat":"repeat","background-position":"center center","background-size":"auto","background-attachment":"scroll","background-type":"","background-media":"","overlay-type":"","overlay-color":"","overlay-opacity":"","overlay-gradient":""},"tablet":{"background-color":"","background-image":"","background-repeat":"repeat","background-position":"center center","background-size":"auto","background-attachment":"scroll","background-type":"","background-media":"","overlay-type":"","overlay-color":"","overlay-opacity":"","overlay-gradient":""},"mobile":{"background-color":"","background-image":"","background-repeat":"repeat","background-position":"center center","background-size":"auto","background-attachment":"scroll","background-type":"","background-media":"","overlay-type":"","overlay-color":"","overlay-opacity":"","overlay-gradient":""}},"ast-content-background-meta":{"desktop":{"background-color":"var(--ast-global-color-5)","background-image":"","background-repeat":"repeat","background-position":"center center","background-size":"auto","background-attachment":"scroll","background-type":"","background-media":"","overlay-type":"","overlay-color":"","overlay-opacity":"","overlay-gradient":""},"tablet":{"background-color":"var(--ast-global-color-5)","background-image":"","background-repeat":"repeat","background-position":"center center","background-size":"auto","background-attachment":"scroll","background-type":"","background-media":"","overlay-type":"","overlay-color":"","overlay-opacity":"","overlay-gradient":""},"mobile":{"background-color":"var(--ast-global-color-5)","background-image":"","background-repeat":"repeat","background-position":"center center","background-size":"auto","background-attachment":"scroll","background-type":"","background-media":"","overlay-type":"","overlay-color":"","overlay-opacity":"","overlay-gradient":""}}},"product_brand":[],"product_cat":[58],"product_tag":[],"class_list":{"0":"post-1913","1":"product","2":"type-product","3":"status-publish","4":"has-post-thumbnail","6":"product_cat-prehransko-dopolnilo","7":"desktop-align-left","8":"tablet-align-left","9":"mobile-align-left","11":"first","12":"instock","13":"taxable","14":"shipping-taxable","15":"purchasable","16":"product-type-simple"},"jetpack_sharing_enabled":true,"_links":{"self":[{"href":"https:\/\/www.ap-dermaestetik.com\/index.php?rest_route=\/wp\/v2\/product\/1913","targetHints":{"allow":["GET"]}}],"collection":[{"href":"https:\/\/www.ap-dermaestetik.com\/index.php?rest_route=\/wp\/v2\/product"}],"about":[{"href":"https:\/\/www.ap-dermaestetik.com\/index.php?rest_route=\/wp\/v2\/types\/product"}],"replies":[{"embeddable":true,"href":"https:\/\/www.ap-dermaestetik.com\/index.php?rest_route=%2Fwp%2Fv2%2Fcomments&post=1913"}],"wp:featuredmedia":[{"embeddable":true,"href":"https:\/\/www.ap-dermaestetik.com\/index.php?rest_route=\/wp\/v2\/media\/2115"}],"wp:attachment":[{"href":"https:\/\/www.ap-dermaestetik.com\/index.php?rest_route=%2Fwp%2Fv2%2Fmedia&parent=1913"}],"wp:term":[{"taxonomy":"product_brand","embeddable":true,"href":"https:\/\/www.ap-dermaestetik.com\/index.php?rest_route=%2Fwp%2Fv2%2Fproduct_brand&post=1913"},{"taxonomy":"product_cat","embeddable":true,"href":"https:\/\/www.ap-dermaestetik.com\/index.php?rest_route=%2Fwp%2Fv2%2Fproduct_cat&post=1913"},{"taxonomy":"product_tag","embeddable":true,"href":"https:\/\/www.ap-dermaestetik.com\/index.php?rest_route=%2Fwp%2Fv2%2Fproduct_tag&post=1913"}],"curies":[{"name":"wp","href":"https:\/\/api.w.org\/{rel}","templated":true}]}}