{"id":2579,"date":"2022-04-28T06:35:37","date_gmt":"2022-04-28T06:35:37","guid":{"rendered":"https:\/\/www.ap-dermaestetik.com\/?page_id=2579"},"modified":"2022-04-28T06:40:03","modified_gmt":"2022-04-28T06:40:03","slug":"gdpr","status":"publish","type":"page","link":"https:\/\/www.ap-dermaestetik.com\/?page_id=2579","title":{"rendered":"GDPR"},"content":{"rendered":"<style>.elementor-2579 .elementor-element.elementor-element-2451a70{--spacer-size:198px;}.elementor-2579 .elementor-element.elementor-element-74602b7f .elementor-heading-title{font-family:\"Helvetica\", Sans-serif;font-weight:600;letter-spacing:2.1px;}.elementor-2579 .elementor-element.elementor-element-4f1630ef{text-align:justify;font-family:\"Helvetica\", Sans-serif;font-size:16px;line-height:1.7em;}.elementor-2579 .elementor-element.elementor-element-5bdec82 .elementor-heading-title{font-family:\"Helvetica\", Sans-serif;font-size:21px;font-weight:600;letter-spacing:2.1px;}.elementor-2579 .elementor-element.elementor-element-27e38855{text-align:justify;font-family:\"Helvetica\", Sans-serif;font-size:16px;line-height:1.7em;}.elementor-2579 .elementor-element.elementor-element-681390e8 .elementor-heading-title{font-family:\"Helvetica\", Sans-serif;font-size:16px;font-weight:600;letter-spacing:2.1px;}.elementor-2579 .elementor-element.elementor-element-362cec5b{text-align:justify;font-family:\"Helvetica\", Sans-serif;font-size:16px;line-height:1.7em;}.elementor-2579 .elementor-element.elementor-element-7c66ed97 .elementor-heading-title{font-family:\"Helvetica\", Sans-serif;font-size:21px;font-weight:600;letter-spacing:2.1px;}.elementor-2579 .elementor-element.elementor-element-309d3dd3{text-align:justify;font-family:\"Helvetica\", Sans-serif;font-size:16px;line-height:1.7em;}.elementor-2579 .elementor-element.elementor-element-37a21e5e .elementor-heading-title{font-family:\"Helvetica\", Sans-serif;font-size:21px;font-weight:600;letter-spacing:2.1px;}.elementor-2579 .elementor-element.elementor-element-15e28c26{text-align:justify;font-family:\"Helvetica\", Sans-serif;font-size:16px;line-height:1.7em;}.elementor-2579 .elementor-element.elementor-element-45dcde0 .elementor-heading-title{font-family:\"Helvetica\", Sans-serif;font-size:21px;font-weight:600;letter-spacing:2.1px;}.elementor-2579 .elementor-element.elementor-element-3ddbe75a{text-align:justify;font-family:\"Helvetica\", Sans-serif;font-size:16px;line-height:1.7em;}.elementor-2579 .elementor-element.elementor-element-3665d8cb .elementor-heading-title{font-family:\"Helvetica\", Sans-serif;font-size:21px;font-weight:600;letter-spacing:2.1px;}.elementor-2579 .elementor-element.elementor-element-35fe6f32{text-align:justify;font-family:\"Helvetica\", Sans-serif;font-size:16px;line-height:1.7em;}.elementor-2579 .elementor-element.elementor-element-c975d80 .elementor-heading-title{font-family:\"Helvetica\", Sans-serif;font-size:21px;font-weight:600;letter-spacing:2.1px;}.elementor-2579 .elementor-element.elementor-element-e7ebdb9{text-align:justify;font-family:\"Helvetica\", Sans-serif;font-size:16px;line-height:1.7em;}.elementor-2579 .elementor-element.elementor-element-e72ab43{--spacer-size:105px;}@media(max-width:767px){.elementor-2579 .elementor-element.elementor-element-74602b7f .elementor-heading-title{font-size:22px;}.elementor-2579 .elementor-element.elementor-element-4f1630ef{font-size:13px;}.elementor-2579 .elementor-element.elementor-element-5bdec82 .elementor-heading-title{font-size:16px;}.elementor-2579 .elementor-element.elementor-element-27e38855{font-size:13px;}.elementor-2579 .elementor-element.elementor-element-681390e8 .elementor-heading-title{font-size:16px;}.elementor-2579 .elementor-element.elementor-element-362cec5b{font-size:13px;}.elementor-2579 .elementor-element.elementor-element-7c66ed97 .elementor-heading-title{font-size:16px;}.elementor-2579 .elementor-element.elementor-element-309d3dd3{font-size:13px;}.elementor-2579 .elementor-element.elementor-element-37a21e5e .elementor-heading-title{font-size:16px;}.elementor-2579 .elementor-element.elementor-element-15e28c26{font-size:13px;}.elementor-2579 .elementor-element.elementor-element-45dcde0 .elementor-heading-title{font-size:16px;}.elementor-2579 .elementor-element.elementor-element-3ddbe75a{font-size:13px;}.elementor-2579 .elementor-element.elementor-element-3665d8cb .elementor-heading-title{font-size:16px;}.elementor-2579 .elementor-element.elementor-element-35fe6f32{font-size:13px;}.elementor-2579 .elementor-element.elementor-element-c975d80 .elementor-heading-title{font-size:16px;}.elementor-2579 .elementor-element.elementor-element-e7ebdb9{font-size:13px;}}<\/style>\t\t<div data-elementor-type=\"wp-page\" data-elementor-id=\"2579\" class=\"elementor elementor-2579\" data-elementor-post-type=\"page\">\n\t\t\t\t\t\t<section class=\"has_eae_slider elementor-section elementor-top-section elementor-element elementor-element-3bcb7dbe elementor-section-boxed elementor-section-height-default elementor-section-height-default\" data-eae-slider=\"17106\" data-id=\"3bcb7dbe\" data-element_type=\"section\">\n\t\t\t\t\t\t<div class=\"elementor-container elementor-column-gap-default\">\n\t\t\t\t\t<div class=\"has_eae_slider elementor-column elementor-col-100 elementor-top-column elementor-element elementor-element-54aaf279\" data-eae-slider=\"12030\" data-id=\"54aaf279\" data-element_type=\"column\">\n\t\t\t<div class=\"elementor-widget-wrap elementor-element-populated\">\n\t\t\t\t\t\t<div class=\"elementor-element elementor-element-2451a70 elementor-widget elementor-widget-spacer\" data-id=\"2451a70\" data-element_type=\"widget\" data-widget_type=\"spacer.default\">\n\t\t\t\t<div class=\"elementor-widget-container\">\n\t\t\t\t\t\t\t<div class=\"elementor-spacer\">\n\t\t\t<div class=\"elementor-spacer-inner\"><\/div>\n\t\t<\/div>\n\t\t\t\t\t\t<\/div>\n\t\t\t\t<\/div>\n\t\t\t\t<div class=\"elementor-element elementor-element-74602b7f elementor-widget elementor-widget-heading\" data-id=\"74602b7f\" data-element_type=\"widget\" data-widget_type=\"heading.default\">\n\t\t\t\t<div class=\"elementor-widget-container\">\n\t\t\t\t\t<h2 class=\"elementor-heading-title elementor-size-default\">GDPR<\/h2>\t\t\t\t<\/div>\n\t\t\t\t<\/div>\n\t\t\t\t<div class=\"elementor-element elementor-element-4f1630ef elementor-widget elementor-widget-text-editor\" data-id=\"4f1630ef\" data-element_type=\"widget\" data-widget_type=\"text-editor.default\">\n\t\t\t\t<div class=\"elementor-widget-container\">\n\t\t\t\t\t\t\t\t\t<p class=\"p1\">Splo\u0161ni pogoji poslovanja so sestavljeni v skladu z Zakonom o varstvu potro\u0161nikov in Zakonom o elektronskem poslovanju na trgu ter sprejeti z namenom zagotavljanja transparentnosti poslovanja podjetja ter spletne trgovine.<\/p><p class=\"p1\">Z njimi \u017eelimo strankam in kupcem omogo\u010diti\u00a0hitro, enostavno in varno poslovanje z na\u0161im podjetjem ter se hkrati zavezujemo k izpolnitvi obveznosti, ki izhajajo iz omenjenih predpisov.<\/p><p class=\"p1\">Splo\u0161ni pogoji poslovanja zajemajo delovanje spletne trgovine, pravice uporabnika ter poslovni odnos med prodajalcem\/upravljalcem spletne trgovine ter kupcem.<\/p>\t\t\t\t\t\t\t\t<\/div>\n\t\t\t\t<\/div>\n\t\t\t\t<div class=\"elementor-element elementor-element-5bdec82 elementor-widget elementor-widget-heading\" data-id=\"5bdec82\" data-element_type=\"widget\" data-widget_type=\"heading.default\">\n\t\t\t\t<div class=\"elementor-widget-container\">\n\t\t\t\t\t<h2 class=\"elementor-heading-title elementor-size-default\">POLITIKA PODJETJA O VARSTVO OSEBNIH PODATKOV<\/h2>\t\t\t\t<\/div>\n\t\t\t\t<\/div>\n\t\t\t\t<div class=\"elementor-element elementor-element-27e38855 elementor-widget elementor-widget-text-editor\" data-id=\"27e38855\" data-element_type=\"widget\" data-widget_type=\"text-editor.default\">\n\t\t\t\t<div class=\"elementor-widget-container\">\n\t\t\t\t\t\t\t\t\t<p class=\"p1\">V na\u0161em podjetju si vedno prizadevamo za najve\u010dje zadovoljstvo strank, zato je varstvo va\u0161ih osebnih podatkov primarna skrb vsake oblike medsebojne komunikacije. Z namenom, da vas obvestimo o hrabmi in na\u010dinu in varnosti osebnih podatkov, ki jih tekom poslovanja delite z nami, smo sprejeli naslednjo politiko varovanja osebnih podatkov:<\/p>\t\t\t\t\t\t\t\t<\/div>\n\t\t\t\t<\/div>\n\t\t\t\t<div class=\"elementor-element elementor-element-681390e8 elementor-widget elementor-widget-heading\" data-id=\"681390e8\" data-element_type=\"widget\" data-widget_type=\"heading.default\">\n\t\t\t\t<div class=\"elementor-widget-container\">\n\t\t\t\t\t<h2 class=\"elementor-heading-title elementor-size-default\">Upravljalec podatkov:<\/h2>\t\t\t\t<\/div>\n\t\t\t\t<\/div>\n\t\t\t\t<div class=\"elementor-element elementor-element-362cec5b elementor-widget elementor-widget-text-editor\" data-id=\"362cec5b\" data-element_type=\"widget\" data-widget_type=\"text-editor.default\">\n\t\t\t\t<div class=\"elementor-widget-container\">\n\t\t\t\t\t\t\t\t\t<p class=\"p1\">Dermaestetik, Anja Pe\u010dnik s.p.<br \/>Koro\u0161ka cesta 48, 2370 Dravograd<br \/>Mati\u010dna \u0161tevilka: 8806802000<br \/>Dav\u010dna \u0161tevilka: 20776829<\/p><p>\u00a0Na\u0161e podjetje va\u0161e osebne podatke zbira in obdeluje skladno z veljavnimi predpisi na ozemlju Republike Slovenije in Evropska unije, saj \u017eelimo uporabnikom zagotoviti spo\u0161tovanje pravice do zasebnosti in pravice do varstva osebnih podatkov. Va\u0161e osebne podatke obdelujemo po na\u010dinu, ki ga zahtevata trenutno veljaven Zakon o varstvu osebnih podatkov Republike Slovenije, ter zakon o elektronskih komunikacijah Republike Slovenije in Splo\u0161na uredba EU o varstvu podatkov.<\/p>\t\t\t\t\t\t\t\t<\/div>\n\t\t\t\t<\/div>\n\t\t\t\t<div class=\"elementor-element elementor-element-7c66ed97 elementor-widget elementor-widget-heading\" data-id=\"7c66ed97\" data-element_type=\"widget\" data-widget_type=\"heading.default\">\n\t\t\t\t<div class=\"elementor-widget-container\">\n\t\t\t\t\t<h2 class=\"elementor-heading-title elementor-size-default\">ZAKAJ IN KATERE PODATKE ZBIRAMO<\/h2>\t\t\t\t<\/div>\n\t\t\t\t<\/div>\n\t\t\t\t<div class=\"elementor-element elementor-element-309d3dd3 elementor-widget elementor-widget-text-editor\" data-id=\"309d3dd3\" data-element_type=\"widget\" data-widget_type=\"text-editor.default\">\n\t\t\t\t<div class=\"elementor-widget-container\">\n\t\t\t\t\t\t\t\t\t<p>Osebni podatki uporabnikov *spletne trgovine\/*spletnega obrazca za povpra\u0161evanja\/*na\u0161e spletne strani se zbirajo in obdelujejo z namenom zagotavljanja kvalitetne potro\u0161ni\u0161ke izku\u0161nje, da omog\u010dimo la\u017eje in hitrej\u0161e poslovanje. Pri poslovanju preko spletne trgovine so za potrebe dostave produkta od\u00a0 prodajalca v roke kupca nujni dolo\u010deni osebni podatki, brez katerih dostave in s tem izpolnitve prodajne pogodbe ne bi bilo mogo\u010de izvesti.\u00a0<\/p><p>Podatki, ki jih zbiramo obsegajo vse podatke, ki smo jih od vas pridobili v medsebojni komunikaciji, v kontaktnem obrazcu, *pri oddaji naro\u010dila, ob kakr\u0161nem koli kontaktu preko socialnih omre\u017eij, po elektronski po\u0161ti, telefonskem pogovoru ali na druga\u010den na\u010din. Z oddajo povpra\u0161evanja ali z oddajo naro\u010dila preko spletne trgovine, sogla\u0161ate s to politiko varstva osebnih podatkov.<\/p>\t\t\t\t\t\t\t\t<\/div>\n\t\t\t\t<\/div>\n\t\t\t\t<div class=\"elementor-element elementor-element-37a21e5e elementor-widget elementor-widget-heading\" data-id=\"37a21e5e\" data-element_type=\"widget\" data-widget_type=\"heading.default\">\n\t\t\t\t<div class=\"elementor-widget-container\">\n\t\t\t\t\t<h2 class=\"elementor-heading-title elementor-size-default\">OBSEG OSEBNIH PODATKOV, KI JIH ZBIRAMO<\/h2>\t\t\t\t<\/div>\n\t\t\t\t<\/div>\n\t\t\t\t<div class=\"elementor-element elementor-element-15e28c26 elementor-widget elementor-widget-text-editor\" data-id=\"15e28c26\" data-element_type=\"widget\" data-widget_type=\"text-editor.default\">\n\t\t\t\t<div class=\"elementor-widget-container\">\n\t\t\t\t\t\t\t\t\t<p>Obseg zbiranja podatkov zajema vse osebne podatke, ki nam jih med komunikacijo posredujete, to so: Ime in priimek, elektronski naslov, telefonsko \u0161tevilko, po\u0161tni naslov ter zgodovino nakupov preko na\u0161e spletne trgovine. Prav tako se zaradi varstva mladoletnih oseb po Zakonu o omejevanju porabe alkohola bele\u017eijo in shranjujejo tudi podatki o polnoletnosti osebe hkrati z vsemi morebitnimi podatki, ki nam jih preko poslovnja posredujete za namene izpolnitve obveznosti prodajalca.\u00a0<\/p>\t\t\t\t\t\t\t\t<\/div>\n\t\t\t\t<\/div>\n\t\t\t\t<div class=\"elementor-element elementor-element-45dcde0 elementor-widget elementor-widget-heading\" data-id=\"45dcde0\" data-element_type=\"widget\" data-widget_type=\"heading.default\">\n\t\t\t\t<div class=\"elementor-widget-container\">\n\t\t\t\t\t<h2 class=\"elementor-heading-title elementor-size-default\">NA\u010cINI OBDELAVE PODATKOV<\/h2>\t\t\t\t<\/div>\n\t\t\t\t<\/div>\n\t\t\t\t<div class=\"elementor-element elementor-element-3ddbe75a elementor-widget elementor-widget-text-editor\" data-id=\"3ddbe75a\" data-element_type=\"widget\" data-widget_type=\"text-editor.default\">\n\t\t\t\t<div class=\"elementor-widget-container\">\n\t\t\t\t\t\t\t\t\t<p>Va\u0161e osebne podatke bomo uporabljali skladno z merodajnim pravom, ki dolo\u010da obdelavo osebnih podatkov. Podatke bomo hranili in obdelovali zgolj v obsegu in namenih dolo\u010denih v tej politiki varstva osebnih podatkov.<\/p><p>*Podatke bomo hranili z namenom izpolnitve obveznosti prodajalca, ki izhajajo iz prodajne pogodbe, ki se sklene med naro\u010dnikom in prodajalcem ob oddaji spletnega naro\u010dila ter drugimi s tem povezanimi aktivnostmi, ki obsegajo: izdajo ra\u010duna in dostavo blaga, obve\u0161\u010danje o stanju naro\u010dila, izterjave dolga, uporaba v okviru ra\u010dunovodskega servisa ter vodenje statistike naro\u010dil za potrebe analize povpra\u0161evanja.\u00a0<\/p><p>Obdelavo in evidenco podatkov, ki jih posredujete prek spletnih oblik komunikacij, bodo vodili na\u0161i pogodbeni zunanji sodelavci, upravljalci vseh tehni\u010dnih programskih na\u010dinov shranjevanja. Slednji so zavezani k uporabi podatkov zgolj za namene zagotavljanja delovanja spletne strain in spletne trgovine. Tako na\u0161e podjetje, kot zunanji izvajalci se zavezujemo, da podatkov ne bomo posredovali tretjim osebam, jih prodajali, delili v javnosti ter jih uporabili na kakr\u0161en koli drug na\u010din in v namene, ki niso skladni z merodajnim pravom.\u00a0<\/p>\t\t\t\t\t\t\t\t<\/div>\n\t\t\t\t<\/div>\n\t\t\t\t<div class=\"elementor-element elementor-element-3665d8cb elementor-widget elementor-widget-heading\" data-id=\"3665d8cb\" data-element_type=\"widget\" data-widget_type=\"heading.default\">\n\t\t\t\t<div class=\"elementor-widget-container\">\n\t\t\t\t\t<h2 class=\"elementor-heading-title elementor-size-default\">ZAVAROVANJE<\/h2>\t\t\t\t<\/div>\n\t\t\t\t<\/div>\n\t\t\t\t<div class=\"elementor-element elementor-element-35fe6f32 elementor-widget elementor-widget-text-editor\" data-id=\"35fe6f32\" data-element_type=\"widget\" data-widget_type=\"text-editor.default\">\n\t\t\t\t<div class=\"elementor-widget-container\">\n\t\t\t\t\t\t\t\t\t<p class=\"p1\">Za zavarovanje osebnih podatkov uporabljamo sodobne organizacijske, tehni\u010dne in druge programske re\u0161itve, ki omogo\u010dajo izpeljavo ustreznih postopkov in ukrepov, da se prepre\u010di dostop nepoobla\u0161\u010denim osebam, kot tudi vsaka raba neskladna z merodajnim pravom. Podatke na ta na\u010din zavarujemo tudi pred uni\u010denjem, spremembo ali izgubo.<\/p>\t\t\t\t\t\t\t\t<\/div>\n\t\t\t\t<\/div>\n\t\t\t\t<div class=\"elementor-element elementor-element-c975d80 elementor-widget elementor-widget-heading\" data-id=\"c975d80\" data-element_type=\"widget\" data-widget_type=\"heading.default\">\n\t\t\t\t<div class=\"elementor-widget-container\">\n\t\t\t\t\t<h2 class=\"elementor-heading-title elementor-size-default\">ZAHTEVKI STRANK\n<\/h2>\t\t\t\t<\/div>\n\t\t\t\t<\/div>\n\t\t\t\t<div class=\"elementor-element elementor-element-e7ebdb9 elementor-widget elementor-widget-text-editor\" data-id=\"e7ebdb9\" data-element_type=\"widget\" data-widget_type=\"text-editor.default\">\n\t\t\t\t<div class=\"elementor-widget-container\">\n\t\t\t\t\t\t\t\t\t<p>Oseba, katere podatki se hranijo v na\u0161i bazi ima kadarkoli pravico do vpogleda v njene osebne podatke. V kolikor bi tak vpogled in izpis \u017eeleli, nas kontaktirajte na kontaktni obrazec oz. E-mail naslov, ki je objavljen na tej spletni strani. Prek e-mail naslova smo vam na voljo za morebitna pojasnila glede uporabe va\u0161i podatkov kadarkoli. Prav tako imate pravico zahtevati popravilo ali dopolnitev vseh neto\u010dnih osebnih podatkov. Nadalje imate tudi pravico zahtevati za\u010dasno ali trajno prenehanje uporabe va\u0161ih osebnih podatkov, torej zahtevati izbris iz evidence. V kolikor menite, da je pri obdelavi podatkov pri\u0161lo do kr\u0161itve dolo\u010db merodajnega prava imate pravico do vlo\u017eitve prito\u017ebe pri Informacijskem poobla\u0161\u010dencu Republike Slovenije.<\/p><p>Osebni podatki, ki jih z nami delite preko socialnih medijev, kot so Facebook ali Instagram, so podvr\u017eeni\u00a0 politiki varstva osebnih podatkov, ki jo zagotavlja doti\u010dno socialno omre\u017eje.\u00a0<\/p><p>Vsa vpra\u0161anja in vse navedene zahteve v zvezi z uveljavljanjem pravic, ki vam pripadajo na podlagi nacionalnih predpisov in prava Evropske Unije, lahko naslovite v pisni obliki na na\u0161 e-mail naslov.\u00a0<\/p>\t\t\t\t\t\t\t\t<\/div>\n\t\t\t\t<\/div>\n\t\t\t\t\t<\/div>\n\t\t<\/div>\n\t\t\t\t\t<\/div>\n\t\t<\/section>\n\t\t\t\t<section class=\"has_eae_slider elementor-section elementor-top-section elementor-element elementor-element-7e0899a3 elementor-section-boxed elementor-section-height-default elementor-section-height-default\" data-eae-slider=\"20989\" data-id=\"7e0899a3\" data-element_type=\"section\">\n\t\t\t\t\t\t<div class=\"elementor-container elementor-column-gap-default\">\n\t\t\t\t\t<div class=\"has_eae_slider elementor-column elementor-col-100 elementor-top-column elementor-element elementor-element-3b0a1815\" data-eae-slider=\"88977\" data-id=\"3b0a1815\" data-element_type=\"column\">\n\t\t\t<div class=\"elementor-widget-wrap elementor-element-populated\">\n\t\t\t\t\t\t<div class=\"elementor-element elementor-element-e72ab43 elementor-widget elementor-widget-spacer\" data-id=\"e72ab43\" data-element_type=\"widget\" data-widget_type=\"spacer.default\">\n\t\t\t\t<div class=\"elementor-widget-container\">\n\t\t\t\t\t\t\t<div class=\"elementor-spacer\">\n\t\t\t<div class=\"elementor-spacer-inner\"><\/div>\n\t\t<\/div>\n\t\t\t\t\t\t<\/div>\n\t\t\t\t<\/div>\n\t\t\t\t\t<\/div>\n\t\t<\/div>\n\t\t\t\t\t<\/div>\n\t\t<\/section>\n\t\t\t\t<\/div>\n\t\t","protected":false},"excerpt":{"rendered":"<p>GDPR Splo\u0161ni pogoji poslovanja so sestavljeni v skladu z Zakonom o varstvu potro\u0161nikov in Zakonom o elektronskem poslovanju na trgu ter sprejeti z namenom zagotavljanja transparentnosti poslovanja podjetja ter spletne trgovine. Z njimi \u017eelimo strankam in kupcem omogo\u010diti\u00a0hitro, enostavno in varno poslovanje z na\u0161im podjetjem ter se hkrati zavezujemo k izpolnitvi obveznosti, ki izhajajo iz [&hellip;]<\/p>\n","protected":false},"author":1,"featured_media":0,"parent":0,"menu_order":0,"comment_status":"closed","ping_status":"closed","template":"","meta":{"site-sidebar-layout":"no-sidebar","site-content-layout":"page-builder","ast-site-content-layout":"default","site-content-style":"default","site-sidebar-style":"default","ast-global-header-display":"","ast-banner-title-visibility":"","ast-main-header-display":"","ast-hfb-above-header-display":"","ast-hfb-below-header-display":"","ast-hfb-mobile-header-display":"","site-post-title":"disabled","ast-breadcrumbs-content":"","ast-featured-img":"disabled","footer-sml-layout":"","theme-transparent-header-meta":"","adv-header-id-meta":"","stick-header-meta":"","header-above-stick-meta":"","header-main-stick-meta":"","header-below-stick-meta":"","astra-migrate-meta-layouts":"default","ast-page-background-enabled":"default","ast-page-background-meta":{"desktop":{"background-color":"var(--ast-global-color-4)","background-image":"","background-repeat":"repeat","background-position":"center center","background-size":"auto","background-attachment":"scroll","background-type":"","background-media":"","overlay-type":"","overlay-color":"","overlay-opacity":"","overlay-gradient":""},"tablet":{"background-color":"","background-image":"","background-repeat":"repeat","background-position":"center center","background-size":"auto","background-attachment":"scroll","background-type":"","background-media":"","overlay-type":"","overlay-color":"","overlay-opacity":"","overlay-gradient":""},"mobile":{"background-color":"","background-image":"","background-repeat":"repeat","background-position":"center center","background-size":"auto","background-attachment":"scroll","background-type":"","background-media":"","overlay-type":"","overlay-color":"","overlay-opacity":"","overlay-gradient":""}},"ast-content-background-meta":{"desktop":{"background-color":"var(--ast-global-color-5)","background-image":"","background-repeat":"repeat","background-position":"center center","background-size":"auto","background-attachment":"scroll","background-type":"","background-media":"","overlay-type":"","overlay-color":"","overlay-opacity":"","overlay-gradient":""},"tablet":{"background-color":"var(--ast-global-color-5)","background-image":"","background-repeat":"repeat","background-position":"center center","background-size":"auto","background-attachment":"scroll","background-type":"","background-media":"","overlay-type":"","overlay-color":"","overlay-opacity":"","overlay-gradient":""},"mobile":{"background-color":"var(--ast-global-color-5)","background-image":"","background-repeat":"repeat","background-position":"center center","background-size":"auto","background-attachment":"scroll","background-type":"","background-media":"","overlay-type":"","overlay-color":"","overlay-opacity":"","overlay-gradient":""}},"footnotes":""},"class_list":["post-2579","page","type-page","status-publish","hentry"],"jetpack_sharing_enabled":true,"_links":{"self":[{"href":"https:\/\/www.ap-dermaestetik.com\/index.php?rest_route=\/wp\/v2\/pages\/2579","targetHints":{"allow":["GET"]}}],"collection":[{"href":"https:\/\/www.ap-dermaestetik.com\/index.php?rest_route=\/wp\/v2\/pages"}],"about":[{"href":"https:\/\/www.ap-dermaestetik.com\/index.php?rest_route=\/wp\/v2\/types\/page"}],"author":[{"embeddable":true,"href":"https:\/\/www.ap-dermaestetik.com\/index.php?rest_route=\/wp\/v2\/users\/1"}],"replies":[{"embeddable":true,"href":"https:\/\/www.ap-dermaestetik.com\/index.php?rest_route=%2Fwp%2Fv2%2Fcomments&post=2579"}],"version-history":[{"count":4,"href":"https:\/\/www.ap-dermaestetik.com\/index.php?rest_route=\/wp\/v2\/pages\/2579\/revisions"}],"predecessor-version":[{"id":2586,"href":"https:\/\/www.ap-dermaestetik.com\/index.php?rest_route=\/wp\/v2\/pages\/2579\/revisions\/2586"}],"wp:attachment":[{"href":"https:\/\/www.ap-dermaestetik.com\/index.php?rest_route=%2Fwp%2Fv2%2Fmedia&parent=2579"}],"curies":[{"name":"wp","href":"https:\/\/api.w.org\/{rel}","templated":true}]}}