{"id":2052,"date":"2022-03-23T10:27:56","date_gmt":"2022-03-23T10:27:56","guid":{"rendered":"https:\/\/www.ap-dermaestetik.com\/?page_id=2052"},"modified":"2023-02-16T21:32:32","modified_gmt":"2023-02-16T20:32:32","slug":"kontakt","status":"publish","type":"page","link":"https:\/\/www.ap-dermaestetik.com\/?page_id=2052","title":{"rendered":"Kontakt"},"content":{"rendered":"<style>.elementor-2052 .elementor-element.elementor-element-65c00b90 > .elementor-container > .elementor-column > .elementor-widget-wrap{align-content:center;align-items:center;}.elementor-2052 .elementor-element.elementor-element-65c00b90:not(.elementor-motion-effects-element-type-background), .elementor-2052 .elementor-element.elementor-element-65c00b90 > .elementor-motion-effects-container > .elementor-motion-effects-layer{background-image:url(\"https:\/\/www.ap-dermaestetik.com\/wp-content\/uploads\/2022\/03\/beauty-model-woman-with-healthy-natural-make-up-clean-skin-touching-her-face-color-background-green-scaled.jpg\");background-position:bottom center;background-repeat:no-repeat;background-size:cover;}.elementor-2052 .elementor-element.elementor-element-65c00b90 > .elementor-background-overlay{background-color:#13131396;opacity:0.5;transition:background 0.3s, border-radius 0.3s, opacity 0.3s;}.elementor-2052 .elementor-element.elementor-element-65c00b90 > .elementor-container{min-height:380px;}.elementor-2052 .elementor-element.elementor-element-65c00b90{transition:background 0.3s, border 0.3s, border-radius 0.3s, box-shadow 0.3s;padding:12% 0% 12% 0%;}.elementor-bc-flex-widget .elementor-2052 .elementor-element.elementor-element-642e737d.elementor-column .elementor-widget-wrap{align-items:flex-start;}.elementor-2052 .elementor-element.elementor-element-642e737d.elementor-column.elementor-element[data-element_type=\"column\"] > .elementor-widget-wrap.elementor-element-populated{align-content:flex-start;align-items:flex-start;}.elementor-2052 .elementor-element.elementor-element-642e737d > .elementor-widget-wrap > .elementor-widget:not(.elementor-widget__width-auto):not(.elementor-widget__width-initial):not(:last-child):not(.elementor-absolute){margin-bottom:15px;}.elementor-2052 .elementor-element.elementor-element-642e737d > .elementor-element-populated{padding:2em 2em 2em 2em;}.elementor-2052 .elementor-element.elementor-element-194af67f{text-align:left;}.elementor-2052 .elementor-element.elementor-element-194af67f .elementor-heading-title{font-family:\"Helvetica\", Sans-serif;font-size:2rem;font-weight:700;text-transform:uppercase;line-height:1em;letter-spacing:10px;color:#FFFFFF;}.elementor-2052 .elementor-element.elementor-element-61e5df13{--divider-border-style:solid;--divider-color:#ffffff;--divider-border-width:2px;}.elementor-2052 .elementor-element.elementor-element-61e5df13 .elementor-divider-separator{width:30px;margin:0 auto;margin-left:0;}.elementor-2052 .elementor-element.elementor-element-61e5df13 .elementor-divider{text-align:left;padding-block-start:25px;padding-block-end:25px;}.elementor-2052 .elementor-element.elementor-element-442e530{text-align:justify;}.elementor-2052 .elementor-element.elementor-element-442e530 .elementor-heading-title{font-family:\"Helvetica\", Sans-serif;font-size:18px;font-weight:600;letter-spacing:2.6px;color:#FFFFFF;}.elementor-2052 .elementor-element.elementor-element-2bd3a73 .elementor-icon-list-items:not(.elementor-inline-items) .elementor-icon-list-item:not(:last-child){padding-block-end:calc(12px\/2);}.elementor-2052 .elementor-element.elementor-element-2bd3a73 .elementor-icon-list-items:not(.elementor-inline-items) .elementor-icon-list-item:not(:first-child){margin-block-start:calc(12px\/2);}.elementor-2052 .elementor-element.elementor-element-2bd3a73 .elementor-icon-list-items.elementor-inline-items .elementor-icon-list-item{margin-inline:calc(12px\/2);}.elementor-2052 .elementor-element.elementor-element-2bd3a73 .elementor-icon-list-items.elementor-inline-items{margin-inline:calc(-12px\/2);}.elementor-2052 .elementor-element.elementor-element-2bd3a73 .elementor-icon-list-items.elementor-inline-items .elementor-icon-list-item:after{inset-inline-end:calc(-12px\/2);}.elementor-2052 .elementor-element.elementor-element-2bd3a73 .elementor-icon-list-icon i{color:#FFFFFF;transition:color 0.3s;}.elementor-2052 .elementor-element.elementor-element-2bd3a73 .elementor-icon-list-icon svg{fill:#FFFFFF;transition:fill 0.3s;}.elementor-2052 .elementor-element.elementor-element-2bd3a73{--e-icon-list-icon-size:25px;--icon-vertical-offset:0px;}.elementor-2052 .elementor-element.elementor-element-2bd3a73 .elementor-icon-list-icon{padding-inline-end:13px;}.elementor-2052 .elementor-element.elementor-element-2bd3a73 .elementor-icon-list-item > .elementor-icon-list-text, .elementor-2052 .elementor-element.elementor-element-2bd3a73 .elementor-icon-list-item > a{font-family:\"Roboto\", Sans-serif;font-size:1.1rem;font-weight:500;line-height:1.5em;}.elementor-2052 .elementor-element.elementor-element-2bd3a73 .elementor-icon-list-text{color:#FFFFFF;transition:color 0.3s;}.elementor-2052 .elementor-element.elementor-element-d645824{text-align:justify;}.elementor-2052 .elementor-element.elementor-element-d645824 .elementor-heading-title{font-family:\"Helvetica\", Sans-serif;font-size:18px;font-weight:600;letter-spacing:2.6px;color:#FFFFFF;}.elementor-2052 .elementor-element.elementor-element-1f2b8ff .elementor-icon-list-items:not(.elementor-inline-items) .elementor-icon-list-item:not(:last-child){padding-block-end:calc(12px\/2);}.elementor-2052 .elementor-element.elementor-element-1f2b8ff .elementor-icon-list-items:not(.elementor-inline-items) .elementor-icon-list-item:not(:first-child){margin-block-start:calc(12px\/2);}.elementor-2052 .elementor-element.elementor-element-1f2b8ff .elementor-icon-list-items.elementor-inline-items .elementor-icon-list-item{margin-inline:calc(12px\/2);}.elementor-2052 .elementor-element.elementor-element-1f2b8ff .elementor-icon-list-items.elementor-inline-items{margin-inline:calc(-12px\/2);}.elementor-2052 .elementor-element.elementor-element-1f2b8ff .elementor-icon-list-items.elementor-inline-items .elementor-icon-list-item:after{inset-inline-end:calc(-12px\/2);}.elementor-2052 .elementor-element.elementor-element-1f2b8ff .elementor-icon-list-icon i{color:#FFFFFF;transition:color 0.3s;}.elementor-2052 .elementor-element.elementor-element-1f2b8ff .elementor-icon-list-icon svg{fill:#FFFFFF;transition:fill 0.3s;}.elementor-2052 .elementor-element.elementor-element-1f2b8ff{--e-icon-list-icon-size:25px;--icon-vertical-offset:0px;}.elementor-2052 .elementor-element.elementor-element-1f2b8ff .elementor-icon-list-icon{padding-inline-end:13px;}.elementor-2052 .elementor-element.elementor-element-1f2b8ff .elementor-icon-list-item > .elementor-icon-list-text, .elementor-2052 .elementor-element.elementor-element-1f2b8ff .elementor-icon-list-item > a{font-family:\"Roboto\", Sans-serif;font-size:1.1rem;font-weight:500;line-height:1.5em;}.elementor-2052 .elementor-element.elementor-element-1f2b8ff .elementor-icon-list-text{color:#FFFFFF;transition:color 0.3s;}.elementor-2052 .elementor-element.elementor-element-615d723{--spacer-size:50px;}.elementor-2052 .elementor-element.elementor-element-1b30efb{text-align:justify;}.elementor-2052 .elementor-element.elementor-element-1b30efb .elementor-heading-title{font-family:\"Helvetica\", Sans-serif;font-size:18px;font-weight:600;letter-spacing:2.6px;color:#FFFFFF;}.elementor-2052 .elementor-element.elementor-element-6adae7e{font-family:\"Helvetica\", Sans-serif;font-weight:500;color:#FFFFFF;}.elementor-2052 .elementor-element.elementor-element-bb6331e > .elementor-widget-container{margin:3% 0% 0% 0%;}.elementor-2052 .elementor-element.elementor-element-bb6331e{font-family:\"Helvetica\", Sans-serif;font-weight:500;color:#FFFFFF;}.elementor-2052 .elementor-element.elementor-element-5bb82861{padding:0px 0px 0px 0px;}.elementor-bc-flex-widget .elementor-2052 .elementor-element.elementor-element-6f02c428.elementor-column .elementor-widget-wrap{align-items:space-between;}.elementor-2052 .elementor-element.elementor-element-6f02c428.elementor-column.elementor-element[data-element_type=\"column\"] > .elementor-widget-wrap.elementor-element-populated{align-content:space-between;align-items:space-between;}.elementor-2052 .elementor-element.elementor-element-6f02c428 > .elementor-element-populated{margin:0px 0px 3px 0px;--e-column-margin-right:0px;--e-column-margin-left:0px;}.elementor-2052 .elementor-element.elementor-element-3d1432db > .elementor-widget-container{margin:0em 0em 1em 0em;}.elementor-2052 .elementor-element.elementor-element-3d1432db{text-align:left;}.elementor-2052 .elementor-element.elementor-element-3d1432db .elementor-heading-title{font-family:\"Helvetica\", Sans-serif;font-size:1.1rem;font-weight:600;text-transform:uppercase;letter-spacing:4px;color:#FFFFFF;}.elementor-2052 .elementor-element.elementor-element-77877c58{--grid-template-columns:repeat(0, auto);--icon-size:18px;--grid-column-gap:21px;--grid-row-gap:0px;}.elementor-2052 .elementor-element.elementor-element-77877c58 > .elementor-widget-container{margin:1em 0em 0em 0em;padding:1em 1em 1em 1em;}.elementor-2052 .elementor-element.elementor-element-77877c58 .elementor-social-icon{background-color:rgba(0,0,0,0);--icon-padding:0em;}.elementor-2052 .elementor-element.elementor-element-77877c58 .elementor-social-icon i{color:#ededed;}.elementor-2052 .elementor-element.elementor-element-77877c58 .elementor-social-icon svg{fill:#ededed;}.elementor-2052 .elementor-element.elementor-element-77877c58 .elementor-social-icon:hover i{color:#ffffff;}.elementor-2052 .elementor-element.elementor-element-77877c58 .elementor-social-icon:hover svg{fill:#ffffff;}.elementor-bc-flex-widget .elementor-2052 .elementor-element.elementor-element-758485d4.elementor-column .elementor-widget-wrap{align-items:center;}.elementor-2052 .elementor-element.elementor-element-758485d4.elementor-column.elementor-element[data-element_type=\"column\"] > .elementor-widget-wrap.elementor-element-populated{align-content:center;align-items:center;}.elementor-2052 .elementor-element.elementor-element-758485d4 > .elementor-element-populated{margin:0em 0em 0em 0em;--e-column-margin-right:0em;--e-column-margin-left:0em;padding:0% 0% 21% 0%;}.elementor-2052 .elementor-element.elementor-element-8b39642{--spacer-size:81px;}.elementor-2052 .elementor-element.elementor-element-81e59cc .elementor-heading-title{font-family:\"Helvetica\", Sans-serif;font-size:0.9rem;font-weight:600;text-transform:uppercase;letter-spacing:1px;color:#FFFFFF;}.elementor-2052 .elementor-element.elementor-element-3448d97 iframe{height:200px;filter:brightness( 100% ) contrast( 100% ) saturate( 0% ) blur( 0px ) hue-rotate( 0deg );transition-duration:0.9s;}.elementor-2052 .elementor-element.elementor-element-3448d97:hover iframe{filter:brightness( 100% ) contrast( 100% ) saturate( 100% ) blur( 0px ) hue-rotate( 0deg );}@media(max-width:1024px){.elementor-2052 .elementor-element.elementor-element-442e530{text-align:center;}.elementor-2052 .elementor-element.elementor-element-d645824{text-align:center;}.elementor-2052 .elementor-element.elementor-element-1b30efb{text-align:center;}}@media(max-width:767px){.elementor-2052 .elementor-element.elementor-element-65c00b90{padding:100px 20px 100px 20px;}.elementor-2052 .elementor-element.elementor-element-194af67f .elementor-heading-title{font-size:1.6rem;line-height:1.7em;letter-spacing:5.5px;}.elementor-2052 .elementor-element.elementor-element-442e530{text-align:left;}.elementor-2052 .elementor-element.elementor-element-d645824{text-align:left;}.elementor-2052 .elementor-element.elementor-element-1b30efb{text-align:left;}.elementor-2052 .elementor-element.elementor-element-77877c58{--grid-column-gap:10px;}.elementor-2052 .elementor-element.elementor-element-8b39642{--spacer-size:10px;}}<\/style>\t\t<div data-elementor-type=\"wp-page\" data-elementor-id=\"2052\" class=\"elementor elementor-2052\" data-elementor-post-type=\"page\">\n\t\t\t\t\t\t<section class=\"has_eae_slider elementor-section elementor-top-section elementor-element elementor-element-65c00b90 elementor-section-stretched elementor-section-height-min-height elementor-section-content-middle elementor-section-boxed elementor-section-height-default elementor-section-items-middle\" data-eae-slider=\"18754\" data-id=\"65c00b90\" data-element_type=\"section\" data-settings=\"{&quot;background_background&quot;:&quot;classic&quot;,&quot;stretch_section&quot;:&quot;section-stretched&quot;}\">\n\t\t\t\t\t\t\t<div class=\"elementor-background-overlay\"><\/div>\n\t\t\t\t\t\t\t<div class=\"elementor-container elementor-column-gap-default\">\n\t\t\t\t\t<div class=\"has_eae_slider elementor-column elementor-col-50 elementor-top-column elementor-element elementor-element-642e737d\" data-eae-slider=\"12903\" data-id=\"642e737d\" data-element_type=\"column\">\n\t\t\t<div class=\"elementor-widget-wrap elementor-element-populated\">\n\t\t\t\t\t\t<div class=\"elementor-element elementor-element-194af67f animated-slow elementor-invisible elementor-widget elementor-widget-heading\" data-id=\"194af67f\" data-element_type=\"widget\" data-settings=\"{&quot;_animation&quot;:&quot;fadeInUp&quot;,&quot;_animation_delay&quot;:100}\" data-widget_type=\"heading.default\">\n\t\t\t\t<div class=\"elementor-widget-container\">\n\t\t\t\t\t<h2 class=\"elementor-heading-title elementor-size-default\">KONTAKTIRAJTE  NAS<\/h2>\t\t\t\t<\/div>\n\t\t\t\t<\/div>\n\t\t\t\t<div class=\"elementor-element elementor-element-61e5df13 elementor-widget-divider--view-line elementor-widget elementor-widget-divider\" data-id=\"61e5df13\" data-element_type=\"widget\" data-widget_type=\"divider.default\">\n\t\t\t\t<div class=\"elementor-widget-container\">\n\t\t\t\t\t\t\t<div class=\"elementor-divider\">\n\t\t\t<span class=\"elementor-divider-separator\">\n\t\t\t\t\t\t<\/span>\n\t\t<\/div>\n\t\t\t\t\t\t<\/div>\n\t\t\t\t<\/div>\n\t\t\t\t<div class=\"elementor-element elementor-element-442e530 elementor-invisible elementor-widget elementor-widget-heading\" data-id=\"442e530\" data-element_type=\"widget\" data-settings=\"{&quot;_animation&quot;:&quot;fadeInRight&quot;}\" data-widget_type=\"heading.default\">\n\t\t\t\t<div class=\"elementor-widget-container\">\n\t\t\t\t\t<h4 class=\"elementor-heading-title elementor-size-default\">PI\u0160ITE NAM <\/h4>\t\t\t\t<\/div>\n\t\t\t\t<\/div>\n\t\t\t\t<div class=\"elementor-element elementor-element-2bd3a73 elementor-icon-list--layout-traditional elementor-list-item-link-full_width elementor-widget elementor-widget-icon-list\" data-id=\"2bd3a73\" data-element_type=\"widget\" data-widget_type=\"icon-list.default\">\n\t\t\t\t<div class=\"elementor-widget-container\">\n\t\t\t\t\t\t\t<ul class=\"elementor-icon-list-items\">\n\t\t\t\t\t\t\t<li class=\"elementor-icon-list-item\">\n\t\t\t\t\t\t\t\t\t\t\t<span class=\"elementor-icon-list-icon\">\n\t\t\t\t\t\t\t<i aria-hidden=\"true\" class=\"jki jki-mail-line\"><\/i>\t\t\t\t\t\t<\/span>\n\t\t\t\t\t\t\t\t\t\t<span class=\"elementor-icon-list-text\">info@ap-dermaestetik.com<\/span>\n\t\t\t\t\t\t\t\t\t<\/li>\n\t\t\t\t\t\t<\/ul>\n\t\t\t\t\t\t<\/div>\n\t\t\t\t<\/div>\n\t\t\t\t<div class=\"elementor-element elementor-element-d645824 elementor-invisible elementor-widget elementor-widget-heading\" data-id=\"d645824\" data-element_type=\"widget\" data-settings=\"{&quot;_animation&quot;:&quot;fadeInRight&quot;}\" data-widget_type=\"heading.default\">\n\t\t\t\t<div class=\"elementor-widget-container\">\n\t\t\t\t\t<h4 class=\"elementor-heading-title elementor-size-default\">POKLI\u010cITE<\/h4>\t\t\t\t<\/div>\n\t\t\t\t<\/div>\n\t\t\t\t<div class=\"elementor-element elementor-element-1f2b8ff elementor-icon-list--layout-traditional elementor-list-item-link-full_width elementor-widget elementor-widget-icon-list\" data-id=\"1f2b8ff\" data-element_type=\"widget\" data-widget_type=\"icon-list.default\">\n\t\t\t\t<div class=\"elementor-widget-container\">\n\t\t\t\t\t\t\t<ul class=\"elementor-icon-list-items\">\n\t\t\t\t\t\t\t<li class=\"elementor-icon-list-item\">\n\t\t\t\t\t\t\t\t\t\t\t<a href=\"tel:+38630782533\">\n\n\t\t\t\t\t\t\t\t\t\t\t\t<span class=\"elementor-icon-list-icon\">\n\t\t\t\t\t\t\t<i aria-hidden=\"true\" class=\"icon icon-phone-call1\"><\/i>\t\t\t\t\t\t<\/span>\n\t\t\t\t\t\t\t\t\t\t<span class=\"elementor-icon-list-text\">030 782 533<\/span>\n\t\t\t\t\t\t\t\t\t\t\t<\/a>\n\t\t\t\t\t\t\t\t\t<\/li>\n\t\t\t\t\t\t<\/ul>\n\t\t\t\t\t\t<\/div>\n\t\t\t\t<\/div>\n\t\t\t\t<div class=\"elementor-element elementor-element-615d723 elementor-widget elementor-widget-spacer\" data-id=\"615d723\" data-element_type=\"widget\" data-widget_type=\"spacer.default\">\n\t\t\t\t<div class=\"elementor-widget-container\">\n\t\t\t\t\t\t\t<div class=\"elementor-spacer\">\n\t\t\t<div class=\"elementor-spacer-inner\"><\/div>\n\t\t<\/div>\n\t\t\t\t\t\t<\/div>\n\t\t\t\t<\/div>\n\t\t\t\t<div class=\"elementor-element elementor-element-1b30efb elementor-invisible elementor-widget elementor-widget-heading\" data-id=\"1b30efb\" data-element_type=\"widget\" data-settings=\"{&quot;_animation&quot;:&quot;fadeInRight&quot;}\" data-widget_type=\"heading.default\">\n\t\t\t\t<div class=\"elementor-widget-container\">\n\t\t\t\t\t<h4 class=\"elementor-heading-title elementor-size-default\">ODPIRALNI \u010cAS:<\/h4>\t\t\t\t<\/div>\n\t\t\t\t<\/div>\n\t\t\t\t<div class=\"elementor-element elementor-element-6adae7e elementor-widget elementor-widget-text-editor\" data-id=\"6adae7e\" data-element_type=\"widget\" data-widget_type=\"text-editor.default\">\n\t\t\t\t<div class=\"elementor-widget-container\">\n\t\t\t\t\t\t\t\t\t<p><strong>Za vas smo odprti po naro\u010dilu v delovnem \u010dasu:\u00a0<br \/><\/strong>Pon: 14.00\u00a0 &#8211;\u00a0 20.00 h<br \/>Tor: 8.00 &#8211; 14.00 h<br \/>Sre: 14.00 &#8211; 21.00 h\u00a0<br \/>Cet: 8.00 &#8211; 12.00\u00a0 \/ 16.00 &#8211; 21.00 h<br \/>Pet: 8.00 &#8211; 14.00 h\u00a0<br \/>Sobota in nedelja : ZAPRTO<\/p>\t\t\t\t\t\t\t\t<\/div>\n\t\t\t\t<\/div>\n\t\t\t\t<div class=\"elementor-element elementor-element-bb6331e elementor-widget elementor-widget-text-editor\" data-id=\"bb6331e\" data-element_type=\"widget\" data-widget_type=\"text-editor.default\">\n\t\t\t\t<div class=\"elementor-widget-container\">\n\t\t\t\t\t\t\t\t\t<p><b>V primeru zasedenosti v najkraj\u0161em \u010dasu vrnemo klic.<\/b><\/p>\t\t\t\t\t\t\t\t<\/div>\n\t\t\t\t<\/div>\n\t\t\t\t<section class=\"has_eae_slider elementor-section elementor-inner-section elementor-element elementor-element-5bb82861 elementor-section-full_width elementor-section-height-default elementor-section-height-default elementor-invisible\" data-eae-slider=\"86205\" data-id=\"5bb82861\" data-element_type=\"section\" data-settings=\"{&quot;animation&quot;:&quot;fadeInUp&quot;}\">\n\t\t\t\t\t\t<div class=\"elementor-container elementor-column-gap-no\">\n\t\t\t\t\t<div class=\"has_eae_slider elementor-column elementor-col-100 elementor-inner-column elementor-element elementor-element-6f02c428\" data-eae-slider=\"47020\" data-id=\"6f02c428\" data-element_type=\"column\">\n\t\t\t<div class=\"elementor-widget-wrap elementor-element-populated\">\n\t\t\t\t\t\t<div class=\"elementor-element elementor-element-3d1432db animated-slow elementor-invisible elementor-widget elementor-widget-heading\" data-id=\"3d1432db\" data-element_type=\"widget\" data-settings=\"{&quot;_animation&quot;:&quot;fadeInUp&quot;}\" data-widget_type=\"heading.default\">\n\t\t\t\t<div class=\"elementor-widget-container\">\n\t\t\t\t\t<h4 class=\"elementor-heading-title elementor-size-default\">DRU\u017dABNA OMRE\u017dJA<\/h4>\t\t\t\t<\/div>\n\t\t\t\t<\/div>\n\t\t\t\t<div class=\"elementor-element elementor-element-77877c58 elementor-shape-rounded elementor-grid-0 elementor-widget elementor-widget-social-icons\" data-id=\"77877c58\" data-element_type=\"widget\" data-widget_type=\"social-icons.default\">\n\t\t\t\t<div class=\"elementor-widget-container\">\n\t\t\t\t\t\t\t<div class=\"elementor-social-icons-wrapper elementor-grid\" role=\"list\">\n\t\t\t\t\t\t\t<span class=\"elementor-grid-item\" role=\"listitem\">\n\t\t\t\t\t<a class=\"elementor-icon elementor-social-icon elementor-social-icon-facebook-f elementor-animation-grow elementor-repeater-item-dda68f1\" href=\"https:\/\/www.facebook.com\/dermaestetikAP\" target=\"_blank\">\n\t\t\t\t\t\t<span class=\"elementor-screen-only\">Facebook-f<\/span>\n\t\t\t\t\t\t<i aria-hidden=\"true\" class=\"fab fa-facebook-f\"><\/i>\t\t\t\t\t<\/a>\n\t\t\t\t<\/span>\n\t\t\t\t\t\t\t<span class=\"elementor-grid-item\" role=\"listitem\">\n\t\t\t\t\t<a class=\"elementor-icon elementor-social-icon elementor-social-icon-instagram elementor-animation-grow elementor-repeater-item-54e41ad\" href=\"https:\/\/www.instagram.com\/ap_dermaestetika\/\" target=\"_blank\">\n\t\t\t\t\t\t<span class=\"elementor-screen-only\">Instagram<\/span>\n\t\t\t\t\t\t<i aria-hidden=\"true\" class=\"fab fa-instagram\"><\/i>\t\t\t\t\t<\/a>\n\t\t\t\t<\/span>\n\t\t\t\t\t<\/div>\n\t\t\t\t\t\t<\/div>\n\t\t\t\t<\/div>\n\t\t\t\t\t<\/div>\n\t\t<\/div>\n\t\t\t\t\t<\/div>\n\t\t<\/section>\n\t\t\t\t\t<\/div>\n\t\t<\/div>\n\t\t\t\t<div class=\"has_eae_slider elementor-column elementor-col-50 elementor-top-column elementor-element elementor-element-758485d4\" data-eae-slider=\"99386\" data-id=\"758485d4\" data-element_type=\"column\">\n\t\t\t<div class=\"elementor-widget-wrap elementor-element-populated\">\n\t\t\t\t\t\t<div class=\"elementor-element elementor-element-8b39642 elementor-widget elementor-widget-spacer\" data-id=\"8b39642\" data-element_type=\"widget\" data-widget_type=\"spacer.default\">\n\t\t\t\t<div class=\"elementor-widget-container\">\n\t\t\t\t\t\t\t<div class=\"elementor-spacer\">\n\t\t\t<div class=\"elementor-spacer-inner\"><\/div>\n\t\t<\/div>\n\t\t\t\t\t\t<\/div>\n\t\t\t\t<\/div>\n\t\t\t\t<div class=\"elementor-element elementor-element-81e59cc elementor-widget elementor-widget-heading\" data-id=\"81e59cc\" data-element_type=\"widget\" data-widget_type=\"heading.default\">\n\t\t\t\t<div class=\"elementor-widget-container\">\n\t\t\t\t\t<h5 class=\"elementor-heading-title elementor-size-default\">NA\u0160A LOKACIJA<\/h5>\t\t\t\t<\/div>\n\t\t\t\t<\/div>\n\t\t\t\t<div class=\"elementor-element elementor-element-3448d97 elementor-widget elementor-widget-google_maps\" data-id=\"3448d97\" data-element_type=\"widget\" data-widget_type=\"google_maps.default\">\n\t\t\t\t<div class=\"elementor-widget-container\">\n\t\t\t\t\t\t\t<div class=\"elementor-custom-embed\">\n\t\t\t<iframe loading=\"lazy\"\n\t\t\t\t\tsrc=\"https:\/\/maps.google.com\/maps?q=koro%C5%A1ka%20cesta%2048%2C2370%20Dravograd&#038;t=m&#038;z=8&#038;output=embed&#038;iwloc=near\"\n\t\t\t\t\ttitle=\"koro\u0161ka cesta 48,2370 Dravograd\"\n\t\t\t\t\taria-label=\"koro\u0161ka cesta 48,2370 Dravograd\"\n\t\t\t><\/iframe>\n\t\t<\/div>\n\t\t\t\t\t\t<\/div>\n\t\t\t\t<\/div>\n\t\t\t\t\t<\/div>\n\t\t<\/div>\n\t\t\t\t\t<\/div>\n\t\t<\/section>\n\t\t\t\t<\/div>\n\t\t","protected":false},"excerpt":{"rendered":"<p>KONTAKTIRAJTE NAS PI\u0160ITE NAM info@ap-dermaestetik.com POKLI\u010cITE 030 782 533 ODPIRALNI \u010cAS: Za vas smo odprti po naro\u010dilu v delovnem \u010dasu:\u00a0Pon: 14.00\u00a0 &#8211;\u00a0 20.00 hTor: 8.00 &#8211; 14.00 hSre: 14.00 &#8211; 21.00 h\u00a0Cet: 8.00 &#8211; 12.00\u00a0 \/ 16.00 &#8211; 21.00 hPet: 8.00 &#8211; 14.00 h\u00a0Sobota in nedelja : ZAPRTO V primeru zasedenosti v najkraj\u0161em \u010dasu vrnemo [&hellip;]<\/p>\n","protected":false},"author":1,"featured_media":0,"parent":0,"menu_order":0,"comment_status":"closed","ping_status":"closed","template":"elementor_header_footer","meta":{"site-sidebar-layout":"no-sidebar","site-content-layout":"page-builder","ast-site-content-layout":"default","site-content-style":"default","site-sidebar-style":"default","ast-global-header-display":"","ast-banner-title-visibility":"","ast-main-header-display":"","ast-hfb-above-header-display":"","ast-hfb-below-header-display":"","ast-hfb-mobile-header-display":"","site-post-title":"disabled","ast-breadcrumbs-content":"","ast-featured-img":"disabled","footer-sml-layout":"","theme-transparent-header-meta":"","adv-header-id-meta":"","stick-header-meta":"","header-above-stick-meta":"","header-main-stick-meta":"","header-below-stick-meta":"","astra-migrate-meta-layouts":"default","ast-page-background-enabled":"default","ast-page-background-meta":{"desktop":{"background-color":"var(--ast-global-color-4)","background-image":"","background-repeat":"repeat","background-position":"center center","background-size":"auto","background-attachment":"scroll","background-type":"","background-media":"","overlay-type":"","overlay-color":"","overlay-opacity":"","overlay-gradient":""},"tablet":{"background-color":"","background-image":"","background-repeat":"repeat","background-position":"center center","background-size":"auto","background-attachment":"scroll","background-type":"","background-media":"","overlay-type":"","overlay-color":"","overlay-opacity":"","overlay-gradient":""},"mobile":{"background-color":"","background-image":"","background-repeat":"repeat","background-position":"center center","background-size":"auto","background-attachment":"scroll","background-type":"","background-media":"","overlay-type":"","overlay-color":"","overlay-opacity":"","overlay-gradient":""}},"ast-content-background-meta":{"desktop":{"background-color":"var(--ast-global-color-5)","background-image":"","background-repeat":"repeat","background-position":"center center","background-size":"auto","background-attachment":"scroll","background-type":"","background-media":"","overlay-type":"","overlay-color":"","overlay-opacity":"","overlay-gradient":""},"tablet":{"background-color":"var(--ast-global-color-5)","background-image":"","background-repeat":"repeat","background-position":"center center","background-size":"auto","background-attachment":"scroll","background-type":"","background-media":"","overlay-type":"","overlay-color":"","overlay-opacity":"","overlay-gradient":""},"mobile":{"background-color":"var(--ast-global-color-5)","background-image":"","background-repeat":"repeat","background-position":"center center","background-size":"auto","background-attachment":"scroll","background-type":"","background-media":"","overlay-type":"","overlay-color":"","overlay-opacity":"","overlay-gradient":""}},"footnotes":""},"class_list":["post-2052","page","type-page","status-publish","hentry"],"jetpack_sharing_enabled":true,"_links":{"self":[{"href":"https:\/\/www.ap-dermaestetik.com\/index.php?rest_route=\/wp\/v2\/pages\/2052","targetHints":{"allow":["GET"]}}],"collection":[{"href":"https:\/\/www.ap-dermaestetik.com\/index.php?rest_route=\/wp\/v2\/pages"}],"about":[{"href":"https:\/\/www.ap-dermaestetik.com\/index.php?rest_route=\/wp\/v2\/types\/page"}],"author":[{"embeddable":true,"href":"https:\/\/www.ap-dermaestetik.com\/index.php?rest_route=\/wp\/v2\/users\/1"}],"replies":[{"embeddable":true,"href":"https:\/\/www.ap-dermaestetik.com\/index.php?rest_route=%2Fwp%2Fv2%2Fcomments&post=2052"}],"version-history":[{"count":37,"href":"https:\/\/www.ap-dermaestetik.com\/index.php?rest_route=\/wp\/v2\/pages\/2052\/revisions"}],"predecessor-version":[{"id":3699,"href":"https:\/\/www.ap-dermaestetik.com\/index.php?rest_route=\/wp\/v2\/pages\/2052\/revisions\/3699"}],"wp:attachment":[{"href":"https:\/\/www.ap-dermaestetik.com\/index.php?rest_route=%2Fwp%2Fv2%2Fmedia&parent=2052"}],"curies":[{"name":"wp","href":"https:\/\/api.w.org\/{rel}","templated":true}]}}